{"id":6454,"date":"2024-10-21T07:26:57","date_gmt":"2024-10-21T05:26:57","guid":{"rendered":"https:\/\/moyzeska.sk\/?page_id=6454"},"modified":"2025-03-06T07:15:56","modified_gmt":"2025-03-06T06:15:56","slug":"maturitne-skusky-2024-2025","status":"publish","type":"page","link":"https:\/\/moyzeska.sk\/index.php\/maturitne-skusky-2024-2025\/","title":{"rendered":"Maturitn\u00e9 sk\u00fa\u0161ky 2024\/2025"},"content":{"rendered":"\n<p><strong>POKYNY K MATURITNEJ SK\u00da\u0160KE 2025<\/strong><\/p>\n\n\n\n<p>Inform\u00e1cie pre maturantov k E\u010c a PFI\u010c MS 2025<\/p>\n\n\n\n<div class=\"wp-block-file\"><a id=\"wp-block-file--media-8fc6da35-00e9-4de9-8efd-e10540c02d65\" href=\"https:\/\/moyzeska.sk\/wp-content\/uploads\/2025\/03\/POKYNY-MS-2025-maturanti.pdf\">Pokyny pre maturantov &#8211; MS-2025<\/a><a href=\"https:\/\/moyzeska.sk\/wp-content\/uploads\/2025\/03\/POKYNY-MS-2025-maturanti.pdf\" class=\"wp-block-file__button wp-element-button\" download aria-describedby=\"wp-block-file--media-8fc6da35-00e9-4de9-8efd-e10540c02d65\">Stiahnu\u0165<\/a><\/div>\n\n\n\n<p><strong>TERM\u00cdNY MATURITNEJ SK\u00da\u0160KY 2025<\/strong><\/p>\n\n\n\n<p><strong>Riadny term\u00edn maturitnej sk\u00fa\u0161ky<\/strong><\/p>\n\n\n\n<p>Riadny term\u00edn externej \u010dasti maturitnej sk\u00fa\u0161ky (E\u010c MS) a&nbsp;p\u00edsomnej formy internej \u010dasti maturitnej sk\u00fa\u0161ky (PFI\u010c MS) sa v&nbsp;\u0161kolskom roku&nbsp;<strong>2024\/2025&nbsp;<\/strong>uskuto\u010dn\u00ed:<\/p>\n\n\n\n<ul>\n<li><strong>11. marca 2025 (utorok)<\/strong> \u2013 slovensk\u00fd jazyk a&nbsp;literat\u00fara<\/li>\n\n\n\n<li><strong>12. marca 2025 (streda)<\/strong> \u2013 cudz\u00ed jazyk (ANJ)<\/li>\n<\/ul>\n\n\n\n<p>Term\u00edny P\u010cOZ \u2013 v&nbsp;t\u00fd\u017edni od <strong>19. m\u00e1ja <\/strong>do<strong> 23. m\u00e1ja 2025<\/strong>.<\/p>\n\n\n\n<p>Term\u00edny \u00daFI\u010c MS \u2013 v&nbsp;t\u00fd\u017edni od <strong>2. j\u00fana 2025 <\/strong>do<strong> 6. j\u00fana 2025<\/strong>.<\/p>\n\n\n\n<p><strong>N\u00e1hradn\u00fd term\u00edn maturitnej sk\u00fa\u0161ky<\/strong><\/p>\n\n\n\n<p>N\u00e1hradn\u00fd term\u00edn externej \u010dasti maturitnej sk\u00fa\u0161ky a&nbsp;p\u00edsomnej formy internej \u010dasti maturitnej sk\u00fa\u0161ky sa&nbsp;uskuto\u010dn\u00ed v&nbsp;\u0161k. roku 2023\/2024: 8. apr\u00edla \u2013 11. apr\u00edla 2025. Dni konania n\u00e1hradn\u00e9ho term\u00ednu pre jednotliv\u00e9 predmety stanov\u00ed <em>N\u00e1rodn\u00fd \u00fastav certifikovan\u00fdch meran\u00ed vzdel\u00e1vania<\/em> (N\u00daCEM) na&nbsp;z\u00e1klade po\u010dtu prihl\u00e1sen\u00fdch \u017eiakov.<\/p>\n\n\n\n<p><strong>Opravn\u00fd term\u00edn maturitnej sk\u00fa\u0161ky<\/strong><\/p>\n\n\n\n<p>Opravn\u00fd term\u00edn externej \u010dasti maturitnej sk\u00fa\u0161ky a p\u00edsomnej formy internej \u010dasti maturitnej sk\u00fa\u0161ky pre&nbsp;\u0161kolsk\u00fd rok 2024\/2025 sa uskuto\u010dn\u00ed: <strong>2. septembra \u2013 5. septembra 2025<\/strong>.<\/p>\n\n\n\n<hr class=\"wp-block-separator has-alpha-channel-opacity\"\/>\n\n\n\n<p><strong>\u010cASTI MATURITNEJ SK\u00da\u0160KY<\/strong><\/p>\n\n\n\n<ul>\n<li>Praktick\u00e1 \u010das\u0165 odbornej zlo\u017eky (P\u010cOZ)<\/li>\n<\/ul>\n\n\n\n<p><strong>E\u010c MS \u2013 extern\u00e1 \u010das\u0165 MS&nbsp;<\/strong>= test z&nbsp;predmetov:<\/p>\n\n\n\n<ul>\n<li>Slovensk\u00fd jazyk a&nbsp;literat\u00fara \u2013&nbsp;<strong>SJL<\/strong><\/li>\n\n\n\n<li>Cudz\u00ed jazyk \u2013&nbsp;<strong>ANJ<\/strong> &#8211; \u00farove\u0148&nbsp;B1 alebo B2<\/li>\n<\/ul>\n\n\n\n<p><strong>PFI\u010c MS \u2013 p\u00edsomn\u00e1 forma internej \u010dasti MS&nbsp;<\/strong>= slohov\u00e1 pr\u00e1ca z&nbsp;predmetov:<\/p>\n\n\n\n<ul>\n<li>Slovensk\u00fd jazyk a&nbsp;literat\u00fara&nbsp;\u2013&nbsp;centr\u00e1lne zadan\u00e9 s\u00fabory \u0161tyroch t\u00e9m (\u017eiak si jednu z&nbsp;nich vyber\u00e1)<\/li>\n\n\n\n<li>Cudz\u00ed jazyk&nbsp;\u2013 centr\u00e1lne jedna t\u00e9ma<\/li>\n<\/ul>\n\n\n\n<p><strong>\u00daFI\u010c MS \u2013 \u00fastna forma internej \u010dasti MS&nbsp;<\/strong>= \u00fastna odpove\u010f, ktor\u00fa tvor\u00ed:<\/p>\n\n\n\n<ul>\n<li>Slovensk\u00fd jazyk a literat\u00fara<\/li>\n\n\n\n<li>Cudz\u00ed jazyk&nbsp;(ANJ) na \u00farovni&nbsp;B1 alebo B2<\/li>\n\n\n\n<li>Teoretick\u00e1 \u010das\u0165 odbornej zlo\u017eky (T\u010cOZ)<\/li>\n<\/ul>\n\n\n\n<hr class=\"wp-block-separator has-alpha-channel-opacity\"\/>\n\n\n\n<p>Maturitn\u00e9 zadania a \u00falohy v nich vych\u00e1dzaj\u00fa&nbsp;z&nbsp;<strong>Cie\u013eov\u00fdch po\u017eiadaviek na vedomosti a zru\u010dnosti maturanta&nbsp;<\/strong>z&nbsp;pr\u00edslu\u0161n\u00e9ho predmetu, ktor\u00e9 je mo\u017en\u00e9 n\u00e1js\u0165 na&nbsp;str\u00e1nke \u0160t\u00e1tneho pedagogick\u00e9ho \u00fastavu: TU (<a href=\"https:\/\/www.statpedu.sk\/sk\/maturitne-skusky\/\">https:\/\/www.statpedu.sk\/sk\/maturitne-skusky\/<\/a>)<\/p>\n\n\n\n<p>\u0160pecifik\u00e1cie testov a&nbsp;n\u00e1zvy t\u00e9m slohov\u00fdch pr\u00e1c z&nbsp;minul\u00fdch rokov je mo\u017en\u00e9 n\u00e1js\u0165 na str\u00e1nke N\u00daCEM: TU (<a href=\"https:\/\/www2.nucem.sk\/sk\/merania\/narodne-merania\/maturita\">https:\/\/www2.nucem.sk\/sk\/merania\/narodne-merania\/maturita<\/a>)<\/p>\n\n\n\n<hr class=\"wp-block-separator has-alpha-channel-opacity\"\/>\n\n\n\n<p><strong>\u017diak <u>\u00faspe\u0161ne vykon\u00e1 MS<\/u> <\/strong>z predmetu, ktor\u00fd m\u00e1 E\u010c a PFI\u010c MS, <strong>ak jeho<\/strong> <strong>hodnotenie<\/strong> z \u00daFI\u010c MS:<\/p>\n\n\n\n<p>a) <strong>nie je hor\u0161ie<\/strong> ako stupe\u0148 prospechu <strong>3<\/strong> (dobr\u00fd) a v <strong>PFI\u010c MS<\/strong> z\u00edska \u00faspe\u0161nos\u0165 <strong>vy\u0161\u0161iu ako 25 %<\/strong> alebo v <strong>E\u010c MS<\/strong> z\u00edska \u00faspe\u0161nos\u0165 <strong>vy\u0161\u0161iu ako 33 %<\/strong>, alebo<\/p>\n\n\n\n<p>b) je stupe\u0148 prospechu <strong>4<\/strong> (dostato\u010dn\u00fd) a v <strong>PFI\u010c MS<\/strong> z\u00edska \u00faspe\u0161nos\u0165 <strong>vy\u0161\u0161iu ako 25 %<\/strong> a <strong>s\u00fa\u010dasne<\/strong> v <strong>E\u010c MS<\/strong> z\u00edska \u00faspe\u0161nos\u0165 <strong>vy\u0161\u0161iu ako 33 %.<\/strong><\/p>\n\n\n\n<hr class=\"wp-block-separator has-alpha-channel-opacity\"\/>\n\n\n\n<p><strong>Inform\u00e1cie o opravnej sk\u00fa\u0161ke E\u010c MS, PFI\u010c MS a \u00daFI\u010c MS<\/strong><\/p>\n\n\n\n<p><strong>Ak \u017eiak nespln\u00ed podmienky pre \u00faspe\u0161n\u00e9 vykonanie MS<\/strong> uveden\u00e9 v \u00a7 1, odseky 10 a 11 vyhl\u00e1\u0161ky \u010d. 224\/2022 Z. z. o ukon\u010dovan\u00ed \u0161t\u00fadia na stredn\u00fdch \u0161kol\u00e1ch v znen\u00ed neskor\u0161\u00edch predpisov v predmetoch, ktor\u00e9 maj\u00fa okrem \u00daFI\u010c MS aj E\u010c a PFI\u010c MS alebo len E\u010c MS, platia nasleduj\u00face inform\u00e1cie:<\/p>\n\n\n\n<p>1. \u00daFI\u010c MS z predmetov, ktor\u00e9 maj\u00fa E\u010c a PFI\u010c MS alebo len E\u010c MS, na ktor\u00e9 sa \u017eiak prihl\u00e1sil, m\u00f4\u017ee \u017eiak vykona\u0165 v RT MS bez oh\u013eadu na v\u00fdsledky E\u010c alebo PFI\u010c MS z t\u00fdchto predmetov.<\/p>\n\n\n\n<p>2. Ak \u017eiak strednej \u0161koly ne\u00faspe\u0161ne vykonal MS z niektor\u00fdch, najviac v\u0161ak z dvoch predmetov, m\u00f4\u017ee mu <strong>\u0160MK povoli\u0165 kona\u0165 opravn\u00fa sk\u00fa\u0161ku<\/strong> z t\u00fdchto predmetov alebo \u010dasti a formy sk\u00fa\u0161ky z t\u00fdchto predmetov (\u0161kolsk\u00fd z\u00e1kon, \u00a7 88, odsek 1 a 2).<\/p>\n\n\n\n<p>3. \u017diak, ktor\u00fd nevykonal \u00faspe\u0161ne MS z predmetu, po\u017eiada \u0160MK o opravn\u00fa sk\u00fa\u0161ku z tohto predmetu. Vo svojej \u017eiadosti \u0161pecifikuje, ktor\u00fa \u010das\u0165 alebo formu MS chce opravova\u0165 (\u0161kolsk\u00fd z\u00e1kon, \u00a7 88, odsek 1 a 2). M\u00f4\u017ee po\u017eiada\u0165 o opravn\u00fa sk\u00fa\u0161ku iba tej \u010dasti alebo formy, v ktorej bol ne\u00faspe\u0161n\u00fd.<\/p>\n\n\n\n<p>4. <strong>Term\u00edn<\/strong> konania opravnej sk\u00fa\u0161ky \u00daFI\u010c MS je <strong>september<\/strong> alebo <strong>febru\u00e1r<\/strong> nasleduj\u00faceho \u0161kolsk\u00e9ho roka. Opravn\u00fa sk\u00fa\u0161ku E\u010c a PFI\u010c MS m\u00f4\u017ee \u017eiak vykona\u0165 v mimoriadnom sk\u00fa\u0161obnom obdob\u00ed v septembri nasleduj\u00faceho \u0161kolsk\u00e9ho roka alebo v riadnom term\u00edne E\u010c a PFI\u010c MS nasleduj\u00faceho \u0161kolsk\u00e9ho roka (\u0161kolsk\u00fd z\u00e1kon, \u00a7 77, odsek 5 a \u00a7 88, odsek 4), pri\u010dom nasleduj\u00facim \u0161kolsk\u00fdm rokom sa rozumie \u0161kolsk\u00fd rok nasleduj\u00faci po \u0161kolskom roku, v ktorom \u017eiak konal MS v riadnom term\u00edne (napr. \u017eiak, ktor\u00fd ne\u00faspe\u0161ne vykonal MS v riadnom term\u00edne roku 2024, m\u00f4\u017ee vykona\u0165 opravn\u00fa sk\u00fa\u0161ku v septembri 2024 alebo v marci 2025).<\/p>\n\n\n\n<p>5. Na <strong>opravn\u00fa sk\u00fa\u0161ku<\/strong> E\u010c a PFI\u010c MS sa \u017eiak prihl\u00e1si riadite\u013eovi \u0161koly <strong>do 30. j\u00fana<\/strong>, ak chce opravn\u00fa sk\u00fa\u0161ku kona\u0165 v septembri nasleduj\u00faceho \u0161kolsk\u00e9ho roka alebo <strong>do 30. septembra<\/strong> nasleduj\u00faceho \u0161kolsk\u00e9ho roka, ak chce opravn\u00fa sk\u00fa\u0161ku kona\u0165 v riadnom term\u00edne nasleduj\u00faceho \u0161kolsk\u00e9ho roka (\u0161kolsk\u00fd z\u00e1kon, \u00a7 77, odsek 7). Tomuto prihl\u00e1seniu predch\u00e1dza \u017eiados\u0165 o opravn\u00fa sk\u00fa\u0161ku v zmysle bodu 3.<\/p>\n\n\n\n<p>6. O opravn\u00fd term\u00edn E\u010c MS a PFI\u010c MS m\u00f4\u017ee po\u017eiada\u0165 iba \u017eiak, ktor\u00fd m\u00e1 ukon\u010den\u00fa cel\u00fa maturitn\u00fa sk\u00fa\u0161ku, absolvoval v\u0161etky vybran\u00e9 maturitn\u00e9 predmety a v\u0161etky \u010dasti maturitnej sk\u00fa\u0161ky t\u00fdchto maturitn\u00fdch predmetov a nesplnil podmienky pre \u00faspe\u0161n\u00e9 vykonanie maturitnej sk\u00fa\u0161ky.<\/p>\n\n\n\n<p><strong>Upozornenie<\/strong>! O opravn\u00fd term\u00edn E\u010c MS a PFI\u010c MS teda nem\u00f4\u017ee po\u017eiada\u0165 \u017eiak, ktor\u00fd napr. neukon\u010dil \u00faspe\u0161ne posledn\u00fd ro\u010dn\u00edk \u0161t\u00fadia, v auguste kon\u00e1 opravn\u00e9 sk\u00fa\u0161ky na ukon\u010denie \u0161t\u00fadia a v septembri nasleduj\u00faceho \u0161kolsk\u00e9ho roka chce kona\u0165 n\u00e1hradn\u00fd term\u00edn \u00daFI\u010c MS a z\u00e1rove\u0148 v septembri by chcel kona\u0165 aj opravn\u00fd term\u00edn E\u010c MS a\/alebo PFI\u010c MS. V septembri sa kon\u00e1 iba opravn\u00fd term\u00edn E\u010c a PFI\u010c MS, nem\u00f4\u017ee sa kona\u0165 n\u00e1hradn\u00fd term\u00edn E\u010c a PFI\u010c MS.<\/p>\n\n\n\n<p>Viac inform\u00e1ci\u00ed a podrobn\u00e9 \u0161pecifik\u00e1cie testov E\u010c MS, t\u00e9m a zadan\u00ed PFI\u010c MS s\u00fa priebe\u017ene zverej\u0148ovan\u00e9 na <a href=\"https:\/\/www.nucem.sk\/sk\/merania\/narodne-merania\/maturita\"><strong>https:\/\/www.nucem.sk\/sk\/merania\/narodne-merania\/maturita<\/strong><\/a><\/p>\n","protected":false},"excerpt":{"rendered":"<p>POKYNY K MATURITNEJ SK\u00da\u0160KE 2025 Inform\u00e1cie pre maturantov k E\u010c a PFI\u010c MS 2025 TERM\u00cdNY MATURITNEJ SK\u00da\u0160KY 2025 Riadny term\u00edn maturitnej sk\u00fa\u0161ky Riadny term\u00edn externej \u010dasti maturitnej sk\u00fa\u0161ky (E\u010c MS) a&nbsp;p\u00edsomnej formy internej \u010dasti maturitnej sk\u00fa\u0161ky (PFI\u010c MS) sa v&nbsp;\u0161kolskom roku&nbsp;2024\/2025&nbsp;uskuto\u010dn\u00ed: Term\u00edny P\u010cOZ \u2013 v&nbsp;t\u00fd\u017edni od 19. m\u00e1ja do 23. m\u00e1ja 2025. Term\u00edny \u00daFI\u010c MS &hellip;<br \/><a href=\"https:\/\/moyzeska.sk\/index.php\/maturitne-skusky-2024-2025\/\" class=\"more-link pen_button pen_element_default pen_icon_arrow_double\">Zobrazi\u0165<\/a><\/p>\n","protected":false},"author":1,"featured_media":0,"parent":0,"menu_order":0,"comment_status":"closed","ping_status":"closed","template":"","meta":{"_monsterinsights_skip_tracking":false,"_monsterinsights_sitenote_active":false,"_monsterinsights_sitenote_note":"","_monsterinsights_sitenote_category":0},"yoast_head":"<!-- This site is optimized with the Yoast SEO plugin v21.8.1 - https:\/\/yoast.com\/wordpress\/plugins\/seo\/ -->\n<title>Maturitn\u00e9 sk\u00fa\u0161ky 2024\/2025 - Stredn\u00e1 zdravotn\u00edcka \u0161kola, Moyzesova 17, Ko\u0161ice<\/title>\n<meta name=\"robots\" content=\"index, follow, max-snippet:-1, max-image-preview:large, max-video-preview:-1\" \/>\n<link rel=\"canonical\" href=\"https:\/\/moyzeska.sk\/index.php\/maturitne-skusky-2024-2025\/\" \/>\n<meta property=\"og:locale\" content=\"sk_SK\" \/>\n<meta property=\"og:type\" content=\"article\" \/>\n<meta property=\"og:title\" content=\"Maturitn\u00e9 sk\u00fa\u0161ky 2024\/2025 - Stredn\u00e1 zdravotn\u00edcka \u0161kola, Moyzesova 17, Ko\u0161ice\" \/>\n<meta property=\"og:description\" content=\"POKYNY K MATURITNEJ SK\u00da\u0160KE 2025 Inform\u00e1cie pre maturantov k E\u010c a PFI\u010c MS 2025 TERM\u00cdNY MATURITNEJ SK\u00da\u0160KY 2025 Riadny term\u00edn maturitnej sk\u00fa\u0161ky Riadny term\u00edn externej \u010dasti maturitnej sk\u00fa\u0161ky (E\u010c MS) a&nbsp;p\u00edsomnej formy internej \u010dasti maturitnej sk\u00fa\u0161ky (PFI\u010c MS) sa v&nbsp;\u0161kolskom roku&nbsp;2024\/2025&nbsp;uskuto\u010dn\u00ed: Term\u00edny P\u010cOZ \u2013 v&nbsp;t\u00fd\u017edni od 19. m\u00e1ja do 23. m\u00e1ja 2025. Term\u00edny \u00daFI\u010c MS &hellip;Zobrazi\u0165\" \/>\n<meta property=\"og:url\" content=\"https:\/\/moyzeska.sk\/index.php\/maturitne-skusky-2024-2025\/\" \/>\n<meta property=\"og:site_name\" content=\"Stredn\u00e1 zdravotn\u00edcka \u0161kola, Moyzesova 17, Ko\u0161ice\" \/>\n<meta property=\"article:publisher\" content=\"https:\/\/www.facebook.com\/Moyzeska\" \/>\n<meta property=\"article:modified_time\" content=\"2025-03-06T06:15:56+00:00\" \/>\n<meta name=\"twitter:card\" content=\"summary_large_image\" \/>\n<meta name=\"twitter:label1\" content=\"Predpokladan\u00fd \u010das \u010d\u00edtania\" \/>\n\t<meta name=\"twitter:data1\" content=\"5 min\u00fat\" \/>\n<script type=\"application\/ld+json\" class=\"yoast-schema-graph\">{\"@context\":\"https:\/\/schema.org\",\"@graph\":[{\"@type\":\"WebPage\",\"@id\":\"https:\/\/moyzeska.sk\/index.php\/maturitne-skusky-2024-2025\/\",\"url\":\"https:\/\/moyzeska.sk\/index.php\/maturitne-skusky-2024-2025\/\",\"name\":\"Maturitn\u00e9 sk\u00fa\u0161ky 2024\/2025 - Stredn\u00e1 zdravotn\u00edcka \u0161kola, Moyzesova 17, Ko\u0161ice\",\"isPartOf\":{\"@id\":\"https:\/\/moyzeska.sk\/#website\"},\"datePublished\":\"2024-10-21T05:26:57+00:00\",\"dateModified\":\"2025-03-06T06:15:56+00:00\",\"breadcrumb\":{\"@id\":\"https:\/\/moyzeska.sk\/index.php\/maturitne-skusky-2024-2025\/#breadcrumb\"},\"inLanguage\":\"sk-SK\",\"potentialAction\":[{\"@type\":\"ReadAction\",\"target\":[\"https:\/\/moyzeska.sk\/index.php\/maturitne-skusky-2024-2025\/\"]}]},{\"@type\":\"BreadcrumbList\",\"@id\":\"https:\/\/moyzeska.sk\/index.php\/maturitne-skusky-2024-2025\/#breadcrumb\",\"itemListElement\":[{\"@type\":\"ListItem\",\"position\":1,\"name\":\"Home\",\"item\":\"https:\/\/moyzeska.sk\/\"},{\"@type\":\"ListItem\",\"position\":2,\"name\":\"Maturitn\u00e9 sk\u00fa\u0161ky 2024\/2025\"}]},{\"@type\":\"WebSite\",\"@id\":\"https:\/\/moyzeska.sk\/#website\",\"url\":\"https:\/\/moyzeska.sk\/\",\"name\":\"Stredn\u00e1 zdravotn\u00edcka \u0161kola, Moyzesova 17, Ko\u0161ice\",\"description\":\"\",\"publisher\":{\"@id\":\"https:\/\/moyzeska.sk\/#organization\"},\"potentialAction\":[{\"@type\":\"SearchAction\",\"target\":{\"@type\":\"EntryPoint\",\"urlTemplate\":\"https:\/\/moyzeska.sk\/?s={search_term_string}\"},\"query-input\":\"required name=search_term_string\"}],\"inLanguage\":\"sk-SK\"},{\"@type\":\"Organization\",\"@id\":\"https:\/\/moyzeska.sk\/#organization\",\"name\":\"Stredn\u00e1 zdravotn\u00edcka \u0161kola, Moyzesova 17, Ko\u0161ice\",\"url\":\"https:\/\/moyzeska.sk\/\",\"logo\":{\"@type\":\"ImageObject\",\"inLanguage\":\"sk-SK\",\"@id\":\"https:\/\/moyzeska.sk\/#\/schema\/logo\/image\/\",\"url\":\"https:\/\/moyzeska.sk\/wp-content\/uploads\/2020\/09\/SZS-logo.png\",\"contentUrl\":\"https:\/\/moyzeska.sk\/wp-content\/uploads\/2020\/09\/SZS-logo.png\",\"width\":300,\"height\":300,\"caption\":\"Stredn\u00e1 zdravotn\u00edcka \u0161kola, Moyzesova 17, Ko\u0161ice\"},\"image\":{\"@id\":\"https:\/\/moyzeska.sk\/#\/schema\/logo\/image\/\"},\"sameAs\":[\"https:\/\/www.facebook.com\/Moyzeska\",\"https:\/\/www.instagram.com\/moyzeska\/\"]}]}<\/script>\n<!-- \/ Yoast SEO plugin. -->","yoast_head_json":{"title":"Maturitn\u00e9 sk\u00fa\u0161ky 2024\/2025 - Stredn\u00e1 zdravotn\u00edcka \u0161kola, Moyzesova 17, Ko\u0161ice","robots":{"index":"index","follow":"follow","max-snippet":"max-snippet:-1","max-image-preview":"max-image-preview:large","max-video-preview":"max-video-preview:-1"},"canonical":"https:\/\/moyzeska.sk\/index.php\/maturitne-skusky-2024-2025\/","og_locale":"sk_SK","og_type":"article","og_title":"Maturitn\u00e9 sk\u00fa\u0161ky 2024\/2025 - Stredn\u00e1 zdravotn\u00edcka \u0161kola, Moyzesova 17, Ko\u0161ice","og_description":"POKYNY K MATURITNEJ SK\u00da\u0160KE 2025 Inform\u00e1cie pre maturantov k E\u010c a PFI\u010c MS 2025 TERM\u00cdNY MATURITNEJ SK\u00da\u0160KY 2025 Riadny term\u00edn maturitnej sk\u00fa\u0161ky Riadny term\u00edn externej \u010dasti maturitnej sk\u00fa\u0161ky (E\u010c MS) a&nbsp;p\u00edsomnej formy internej \u010dasti maturitnej sk\u00fa\u0161ky (PFI\u010c MS) sa v&nbsp;\u0161kolskom roku&nbsp;2024\/2025&nbsp;uskuto\u010dn\u00ed: Term\u00edny P\u010cOZ \u2013 v&nbsp;t\u00fd\u017edni od 19. m\u00e1ja do 23. m\u00e1ja 2025. Term\u00edny \u00daFI\u010c MS &hellip;Zobrazi\u0165","og_url":"https:\/\/moyzeska.sk\/index.php\/maturitne-skusky-2024-2025\/","og_site_name":"Stredn\u00e1 zdravotn\u00edcka \u0161kola, Moyzesova 17, Ko\u0161ice","article_publisher":"https:\/\/www.facebook.com\/Moyzeska","article_modified_time":"2025-03-06T06:15:56+00:00","twitter_card":"summary_large_image","twitter_misc":{"Predpokladan\u00fd \u010das \u010d\u00edtania":"5 min\u00fat"},"schema":{"@context":"https:\/\/schema.org","@graph":[{"@type":"WebPage","@id":"https:\/\/moyzeska.sk\/index.php\/maturitne-skusky-2024-2025\/","url":"https:\/\/moyzeska.sk\/index.php\/maturitne-skusky-2024-2025\/","name":"Maturitn\u00e9 sk\u00fa\u0161ky 2024\/2025 - Stredn\u00e1 zdravotn\u00edcka \u0161kola, Moyzesova 17, Ko\u0161ice","isPartOf":{"@id":"https:\/\/moyzeska.sk\/#website"},"datePublished":"2024-10-21T05:26:57+00:00","dateModified":"2025-03-06T06:15:56+00:00","breadcrumb":{"@id":"https:\/\/moyzeska.sk\/index.php\/maturitne-skusky-2024-2025\/#breadcrumb"},"inLanguage":"sk-SK","potentialAction":[{"@type":"ReadAction","target":["https:\/\/moyzeska.sk\/index.php\/maturitne-skusky-2024-2025\/"]}]},{"@type":"BreadcrumbList","@id":"https:\/\/moyzeska.sk\/index.php\/maturitne-skusky-2024-2025\/#breadcrumb","itemListElement":[{"@type":"ListItem","position":1,"name":"Home","item":"https:\/\/moyzeska.sk\/"},{"@type":"ListItem","position":2,"name":"Maturitn\u00e9 sk\u00fa\u0161ky 2024\/2025"}]},{"@type":"WebSite","@id":"https:\/\/moyzeska.sk\/#website","url":"https:\/\/moyzeska.sk\/","name":"Stredn\u00e1 zdravotn\u00edcka \u0161kola, Moyzesova 17, Ko\u0161ice","description":"","publisher":{"@id":"https:\/\/moyzeska.sk\/#organization"},"potentialAction":[{"@type":"SearchAction","target":{"@type":"EntryPoint","urlTemplate":"https:\/\/moyzeska.sk\/?s={search_term_string}"},"query-input":"required name=search_term_string"}],"inLanguage":"sk-SK"},{"@type":"Organization","@id":"https:\/\/moyzeska.sk\/#organization","name":"Stredn\u00e1 zdravotn\u00edcka \u0161kola, Moyzesova 17, Ko\u0161ice","url":"https:\/\/moyzeska.sk\/","logo":{"@type":"ImageObject","inLanguage":"sk-SK","@id":"https:\/\/moyzeska.sk\/#\/schema\/logo\/image\/","url":"https:\/\/moyzeska.sk\/wp-content\/uploads\/2020\/09\/SZS-logo.png","contentUrl":"https:\/\/moyzeska.sk\/wp-content\/uploads\/2020\/09\/SZS-logo.png","width":300,"height":300,"caption":"Stredn\u00e1 zdravotn\u00edcka \u0161kola, Moyzesova 17, Ko\u0161ice"},"image":{"@id":"https:\/\/moyzeska.sk\/#\/schema\/logo\/image\/"},"sameAs":["https:\/\/www.facebook.com\/Moyzeska","https:\/\/www.instagram.com\/moyzeska\/"]}]}},"_links":{"self":[{"href":"https:\/\/moyzeska.sk\/index.php\/wp-json\/wp\/v2\/pages\/6454"}],"collection":[{"href":"https:\/\/moyzeska.sk\/index.php\/wp-json\/wp\/v2\/pages"}],"about":[{"href":"https:\/\/moyzeska.sk\/index.php\/wp-json\/wp\/v2\/types\/page"}],"author":[{"embeddable":true,"href":"https:\/\/moyzeska.sk\/index.php\/wp-json\/wp\/v2\/users\/1"}],"replies":[{"embeddable":true,"href":"https:\/\/moyzeska.sk\/index.php\/wp-json\/wp\/v2\/comments?post=6454"}],"version-history":[{"count":3,"href":"https:\/\/moyzeska.sk\/index.php\/wp-json\/wp\/v2\/pages\/6454\/revisions"}],"predecessor-version":[{"id":7090,"href":"https:\/\/moyzeska.sk\/index.php\/wp-json\/wp\/v2\/pages\/6454\/revisions\/7090"}],"wp:attachment":[{"href":"https:\/\/moyzeska.sk\/index.php\/wp-json\/wp\/v2\/media?parent=6454"}],"curies":[{"name":"wp","href":"https:\/\/api.w.org\/{rel}","templated":true}]}}