{"id":595,"date":"2020-10-05T14:08:53","date_gmt":"2020-10-05T12:08:53","guid":{"rendered":"http:\/\/moyzeska.sk\/?page_id=595"},"modified":"2026-03-26T07:44:48","modified_gmt":"2026-03-26T06:44:48","slug":"povinne-zverejnovanie","status":"publish","type":"page","link":"https:\/\/moyzeska.sk\/index.php\/povinne-zverejnovanie\/","title":{"rendered":"Povinn\u00e9 zverej\u0148ovanie"},"content":{"rendered":"\n<p><strong>Meno in\u0161tit\u00facie<\/strong>:<br>Stredn\u00e1 zdravotn\u00edcka \u0161kola, Moyzesova 17, Ko\u0161ice<\/p>\n\n\n\n<p><strong>Adresa<\/strong>:<br>Stredn\u00e1 zdravotn\u00edcka \u0161kola Moyzesova 17, Ko\u0161ice<br>Moyzesova 17<br>041 76 Ko\u0161ice<\/p>\n\n\n\n<p><strong>I\u010cO:<\/strong><br>00606766<\/p>\n\n\n\n<p><strong>DI\u010c:&nbsp;<\/strong><br>2020777891<\/p>\n\n\n\n<p><strong>Sp\u00f4sob zriadenia: <\/strong><br>Zria\u010fovacia listina \u010d. 1457\/2009 &#8211; RU 17\/33082<\/p>\n\n\n\n<p><strong>Zria\u010fovate\u013e:<\/strong><br>Ko\u0161ick\u00fd samospr\u00e1vny kraj, N\u00e1mestie Marat\u00f3nu mieru 1, 040 01<\/p>\n\n\n\n<p><strong>\u00daradn\u00e9 hodiny<\/strong>:<\/p>\n\n\n\n<figure class=\"wp-block-table aligncenter is-style-regular\"><table><thead><tr><th class=\"has-text-align-center\" data-align=\"center\"><em>De\u0148<\/em><\/th><th class=\"has-text-align-center\" data-align=\"center\"><em>\u00daradn\u00e9 hodiny<\/em><\/th><\/tr><\/thead><tbody><tr><td class=\"has-text-align-center\" data-align=\"center\">Pondelok<\/td><td class=\"has-text-align-center\" data-align=\"center\">9:00 &#8211; 12:00<br>13:00 &#8211; 15:00<\/td><\/tr><tr><td class=\"has-text-align-center\" data-align=\"center\">Utorok<\/td><td class=\"has-text-align-center\" data-align=\"center\">9:00 &#8211; 12:00<br>13:00 &#8211; 15:00<\/td><\/tr><tr><td class=\"has-text-align-center\" data-align=\"center\">Streda<\/td><td class=\"has-text-align-center\" data-align=\"center\">9:00 &#8211; 12:00<br>13:00 &#8211; 15:00<\/td><\/tr><tr><td class=\"has-text-align-center\" data-align=\"center\">\u0160tvrtok<\/td><td class=\"has-text-align-center\" data-align=\"center\">9:00 &#8211; 12:00<br>13:00 &#8211; 15:00<\/td><\/tr><tr><td class=\"has-text-align-center\" data-align=\"center\">Piatok<\/td><td class=\"has-text-align-center\" data-align=\"center\">9:00 &#8211; 12:00<br>13:00 &#8211; 15:00<\/td><\/tr><\/tbody><\/table><\/figure>\n\n\n\n<p><strong>Ako \u017eiada\u0165 inform\u00e1cie, pod\u00e1va\u0165 s\u0165a\u017enosti a&nbsp;podnety<\/strong>:<br>\u017diados\u0165 o spr\u00edstupnenie inform\u00e1ci\u00ed pod\u013ea infoz\u00e1kona, ako aj s\u0165a\u017enosti a podnety m\u00f4\u017eete poda\u0165:<\/p>\n\n\n\n<ul>\n<li><strong>osobne<\/strong><br>&nbsp;&nbsp;&nbsp; Sekretari\u00e1t riadite\u013eky \u0161koly<br>&nbsp;&nbsp;&nbsp; Stredn\u00e1 zdravotn\u00edcka \u0161kola, Ko\u0161ice<br>&nbsp;&nbsp; &nbsp;Moyzesova 17<br>&nbsp;&nbsp;&nbsp; 041 76 &nbsp; Ko\u0161ice<\/li>\n\n\n\n<li><strong>po\u0161tou<\/strong><br>&nbsp;&nbsp;&nbsp;Stredn\u00e1 zdravotn\u00edcka \u0161kola, Moyzesova 17, Ko\u0161ice<br>&nbsp;&nbsp;&nbsp; Moyzesova 17<br>&nbsp;&nbsp;&nbsp; 041 76 &nbsp; Ko\u0161ice<\/li>\n\n\n\n<li><strong>telefonicky<\/strong><br>&nbsp;&nbsp;&nbsp;&nbsp;055\/6221189, 055\/6221163<\/li>\n\n\n\n<li><strong>elektronickou po\u0161tou<\/strong><br>&nbsp;&nbsp;&nbsp; skola@szske.eu<\/li>\n<\/ul>\n\n\n\n<p><em>Sadzobn\u00edk za poskytovanie inform\u00e1ci\u00ed &#8211;&nbsp;je uveden\u00fd v Smernici o poskytovan\u00ed inform\u00e1ci\u00ed<\/em>:<\/p>\n\n\n\n<div class=\"wp-block-file\"><a id=\"wp-block-file--media-8d02aecc-bcde-4210-afce-759d215957b4\" href=\"https:\/\/moyzeska.sk\/wp-content\/uploads\/2020\/12\/smernica_o_poskytovani_informacii.pdf\"><u>Smernica o poskytovan\u00ed inform\u00e1ci\u00ed<\/u><\/a><a href=\"https:\/\/moyzeska.sk\/wp-content\/uploads\/2020\/12\/smernica_o_poskytovani_informacii.pdf\" class=\"wp-block-file__button wp-element-button\" download aria-describedby=\"wp-block-file--media-8d02aecc-bcde-4210-afce-759d215957b4\">Stiahnu\u0165<\/a><\/div>\n\n\n\n<div class=\"wp-block-file\"><a id=\"wp-block-file--media-7a619f1b-5522-4ff9-8e50-43c7afecda23\" href=\"https:\/\/moyzeska.sk\/wp-content\/uploads\/2026\/03\/Smernica-S3-2026-o-vydavani-duplikatov-a-odpisov-vysvedceni.pdf\">Smernica o vyd\u00e1van\u00ed duplik\u00e1tov a odpisov vysved\u010den\u00ed<\/a><a href=\"https:\/\/moyzeska.sk\/wp-content\/uploads\/2026\/03\/Smernica-S3-2026-o-vydavani-duplikatov-a-odpisov-vysvedceni.pdf\" class=\"wp-block-file__button wp-element-button\" download aria-describedby=\"wp-block-file--media-7a619f1b-5522-4ff9-8e50-43c7afecda23\">Stiahnu\u0165<\/a><\/div>\n\n\n\n<p><em>\u017diadosti o&nbsp;\u00fastne spr\u00edstupnenie inform\u00e1ci\u00ed a&nbsp;spr\u00edstupnenie inform\u00e1ci\u00ed nahliadnut\u00edm do&nbsp;spisu vybavuje sekretari\u00e1t riadite\u013eky \u0161koly.<\/em><\/p>\n\n\n\n<hr class=\"wp-block-separator has-css-opacity\"\/>\n\n\n\n<div class=\"wp-block-file\"><a id=\"wp-block-file--media-f2bad02e-3d23-4f7f-963f-f8f9eee2b84e\" href=\"https:\/\/moyzeska.sk\/wp-content\/uploads\/2025\/09\/Skolsky-poriadok-2025-2026.pdf\">\u0160kolsk\u00fd poriadok 2025-2026<\/a><a href=\"https:\/\/moyzeska.sk\/wp-content\/uploads\/2025\/09\/Skolsky-poriadok-2025-2026.pdf\" class=\"wp-block-file__button wp-element-button\" download aria-describedby=\"wp-block-file--media-f2bad02e-3d23-4f7f-963f-f8f9eee2b84e\">Stiahnu\u0165<\/a><\/div>\n\n\n\n<div class=\"wp-block-file\"><a id=\"wp-block-file--media-220ba6e4-e44c-4032-9461-6d46ecb9327b\" href=\"https:\/\/moyzeska.sk\/wp-content\/uploads\/2025\/09\/1-SMERNICA-O-ZABEZPECENI-ROVNOSTI-A-ELIMINACII-SEGREGACIE-VO-VYCHOVE-A-VZDELAVANI-1.pdf\">Smernica o zabezpe\u010den\u00ed rovnosti a elimin\u00e1ci\u00ed segreg\u00e1cie vo v\u00fdchove a vzdel\u00e1van\u00ed<\/a><\/div>\n\n\n\n<div class=\"wp-block-file\"><a id=\"wp-block-file--media-0c34275c-dd3e-432b-843f-f5bfd9575f46\" href=\"https:\/\/moyzeska.sk\/wp-content\/uploads\/2025\/09\/Plan-uplatnovania-Standardov-dodrziavania-zakazu-segregacie.pdf\">Pl\u00e1n uplat\u0148ovania \u0160tandardov dodr\u017eiavania z\u00e1kazu segreg\u00e1cie<\/a><\/div>\n\n\n\n<hr class=\"wp-block-separator has-css-opacity\"\/>\n\n\n\n<div class=\"wp-block-file\"><a id=\"wp-block-file--media-ef71ec85-9348-44a4-b9c8-1eb145eca33d\" href=\"https:\/\/moyzeska.sk\/wp-content\/uploads\/2025\/03\/Eticky_kodex.pdf\">Etick\u00fd_k\u00f3dex &#8211; platn\u00fd od 23.10.2023<\/a><\/div>\n\n\n\n<div class=\"wp-block-file\"><a id=\"wp-block-file--media-e112c150-93af-499f-ba1e-0a97577fc437\" href=\"https:\/\/moyzeska.sk\/wp-content\/uploads\/2021\/12\/Eticky_kodex.pdf\"><u>Etick\u00fd k\u00f3dex<\/u><\/a><\/div>\n\n\n\n<hr class=\"wp-block-separator has-alpha-channel-opacity\"\/>\n\n\n\n<div class=\"wp-block-file\"><a id=\"wp-block-file--media-2bbdc23f-c487-42f0-9ccc-6884284881cb\" href=\"https:\/\/moyzeska.sk\/wp-content\/uploads\/2024\/09\/AKO-SA-SPRAVAT-PO-VYHLASENI-POPLACHU-1.pdf\">Ako sa spr\u00e1va\u0165  po vyhl\u00e1sen\u00ed poplachu<\/a><\/div>\n","protected":false},"excerpt":{"rendered":"<p>Meno in\u0161tit\u00facie:Stredn\u00e1 zdravotn\u00edcka \u0161kola, Moyzesova 17, Ko\u0161ice Adresa:Stredn\u00e1 zdravotn\u00edcka \u0161kola Moyzesova 17, Ko\u0161iceMoyzesova 17041 76 Ko\u0161ice I\u010cO:00606766 DI\u010c:&nbsp;2020777891 Sp\u00f4sob zriadenia: Zria\u010fovacia listina \u010d. 1457\/2009 &#8211; RU 17\/33082 Zria\u010fovate\u013e:Ko\u0161ick\u00fd samospr\u00e1vny kraj, N\u00e1mestie Marat\u00f3nu mieru 1, 040 01 \u00daradn\u00e9 hodiny: De\u0148 \u00daradn\u00e9 hodiny Pondelok 9:00 &#8211; 12:0013:00 &#8211; 15:00 Utorok 9:00 &#8211; 12:0013:00 &#8211; 15:00 Streda 9:00 &hellip;<br \/><a href=\"https:\/\/moyzeska.sk\/index.php\/povinne-zverejnovanie\/\" class=\"more-link pen_button pen_element_default pen_icon_arrow_double\">Zobrazi\u0165<\/a><\/p>\n","protected":false},"author":1,"featured_media":0,"parent":0,"menu_order":0,"comment_status":"closed","ping_status":"closed","template":"","meta":{"_monsterinsights_skip_tracking":false,"_monsterinsights_sitenote_active":false,"_monsterinsights_sitenote_note":"","_monsterinsights_sitenote_category":0},"yoast_head":"<!-- This site is optimized with the Yoast SEO plugin v21.8.1 - https:\/\/yoast.com\/wordpress\/plugins\/seo\/ -->\n<title>Povinn\u00e9 zverej\u0148ovanie - Stredn\u00e1 zdravotn\u00edcka \u0161kola, Moyzesova 17, Ko\u0161ice<\/title>\n<meta name=\"robots\" content=\"index, follow, max-snippet:-1, max-image-preview:large, max-video-preview:-1\" \/>\n<link rel=\"canonical\" href=\"https:\/\/moyzeska.sk\/index.php\/povinne-zverejnovanie\/\" \/>\n<meta property=\"og:locale\" content=\"sk_SK\" \/>\n<meta property=\"og:type\" content=\"article\" \/>\n<meta property=\"og:title\" content=\"Povinn\u00e9 zverej\u0148ovanie - Stredn\u00e1 zdravotn\u00edcka \u0161kola, Moyzesova 17, Ko\u0161ice\" \/>\n<meta property=\"og:description\" content=\"Meno in\u0161tit\u00facie:Stredn\u00e1 zdravotn\u00edcka \u0161kola, Moyzesova 17, Ko\u0161ice Adresa:Stredn\u00e1 zdravotn\u00edcka \u0161kola Moyzesova 17, Ko\u0161iceMoyzesova 17041 76 Ko\u0161ice I\u010cO:00606766 DI\u010c:&nbsp;2020777891 Sp\u00f4sob zriadenia: Zria\u010fovacia listina \u010d. 1457\/2009 &#8211; RU 17\/33082 Zria\u010fovate\u013e:Ko\u0161ick\u00fd samospr\u00e1vny kraj, N\u00e1mestie Marat\u00f3nu mieru 1, 040 01 \u00daradn\u00e9 hodiny: De\u0148 \u00daradn\u00e9 hodiny Pondelok 9:00 &#8211; 12:0013:00 &#8211; 15:00 Utorok 9:00 &#8211; 12:0013:00 &#8211; 15:00 Streda 9:00 &hellip;Zobrazi\u0165\" \/>\n<meta property=\"og:url\" content=\"https:\/\/moyzeska.sk\/index.php\/povinne-zverejnovanie\/\" \/>\n<meta property=\"og:site_name\" content=\"Stredn\u00e1 zdravotn\u00edcka \u0161kola, Moyzesova 17, Ko\u0161ice\" \/>\n<meta property=\"article:publisher\" content=\"https:\/\/www.facebook.com\/Moyzeska\" \/>\n<meta property=\"article:modified_time\" content=\"2026-03-26T06:44:48+00:00\" \/>\n<meta name=\"twitter:card\" content=\"summary_large_image\" \/>\n<meta name=\"twitter:label1\" content=\"Predpokladan\u00fd \u010das \u010d\u00edtania\" \/>\n\t<meta name=\"twitter:data1\" content=\"2 min\u00faty\" \/>\n<script type=\"application\/ld+json\" class=\"yoast-schema-graph\">{\"@context\":\"https:\/\/schema.org\",\"@graph\":[{\"@type\":\"WebPage\",\"@id\":\"https:\/\/moyzeska.sk\/index.php\/povinne-zverejnovanie\/\",\"url\":\"https:\/\/moyzeska.sk\/index.php\/povinne-zverejnovanie\/\",\"name\":\"Povinn\u00e9 zverej\u0148ovanie - Stredn\u00e1 zdravotn\u00edcka \u0161kola, Moyzesova 17, Ko\u0161ice\",\"isPartOf\":{\"@id\":\"https:\/\/moyzeska.sk\/#website\"},\"datePublished\":\"2020-10-05T12:08:53+00:00\",\"dateModified\":\"2026-03-26T06:44:48+00:00\",\"breadcrumb\":{\"@id\":\"https:\/\/moyzeska.sk\/index.php\/povinne-zverejnovanie\/#breadcrumb\"},\"inLanguage\":\"sk-SK\",\"potentialAction\":[{\"@type\":\"ReadAction\",\"target\":[\"https:\/\/moyzeska.sk\/index.php\/povinne-zverejnovanie\/\"]}]},{\"@type\":\"BreadcrumbList\",\"@id\":\"https:\/\/moyzeska.sk\/index.php\/povinne-zverejnovanie\/#breadcrumb\",\"itemListElement\":[{\"@type\":\"ListItem\",\"position\":1,\"name\":\"Home\",\"item\":\"https:\/\/moyzeska.sk\/\"},{\"@type\":\"ListItem\",\"position\":2,\"name\":\"Povinn\u00e9 zverej\u0148ovanie\"}]},{\"@type\":\"WebSite\",\"@id\":\"https:\/\/moyzeska.sk\/#website\",\"url\":\"https:\/\/moyzeska.sk\/\",\"name\":\"Stredn\u00e1 zdravotn\u00edcka \u0161kola, Moyzesova 17, Ko\u0161ice\",\"description\":\"\",\"publisher\":{\"@id\":\"https:\/\/moyzeska.sk\/#organization\"},\"potentialAction\":[{\"@type\":\"SearchAction\",\"target\":{\"@type\":\"EntryPoint\",\"urlTemplate\":\"https:\/\/moyzeska.sk\/?s={search_term_string}\"},\"query-input\":\"required name=search_term_string\"}],\"inLanguage\":\"sk-SK\"},{\"@type\":\"Organization\",\"@id\":\"https:\/\/moyzeska.sk\/#organization\",\"name\":\"Stredn\u00e1 zdravotn\u00edcka \u0161kola, Moyzesova 17, Ko\u0161ice\",\"url\":\"https:\/\/moyzeska.sk\/\",\"logo\":{\"@type\":\"ImageObject\",\"inLanguage\":\"sk-SK\",\"@id\":\"https:\/\/moyzeska.sk\/#\/schema\/logo\/image\/\",\"url\":\"https:\/\/moyzeska.sk\/wp-content\/uploads\/2020\/09\/SZS-logo.png\",\"contentUrl\":\"https:\/\/moyzeska.sk\/wp-content\/uploads\/2020\/09\/SZS-logo.png\",\"width\":300,\"height\":300,\"caption\":\"Stredn\u00e1 zdravotn\u00edcka \u0161kola, Moyzesova 17, Ko\u0161ice\"},\"image\":{\"@id\":\"https:\/\/moyzeska.sk\/#\/schema\/logo\/image\/\"},\"sameAs\":[\"https:\/\/www.facebook.com\/Moyzeska\",\"https:\/\/www.instagram.com\/moyzeska\/\"]}]}<\/script>\n<!-- \/ Yoast SEO plugin. -->","yoast_head_json":{"title":"Povinn\u00e9 zverej\u0148ovanie - Stredn\u00e1 zdravotn\u00edcka \u0161kola, Moyzesova 17, Ko\u0161ice","robots":{"index":"index","follow":"follow","max-snippet":"max-snippet:-1","max-image-preview":"max-image-preview:large","max-video-preview":"max-video-preview:-1"},"canonical":"https:\/\/moyzeska.sk\/index.php\/povinne-zverejnovanie\/","og_locale":"sk_SK","og_type":"article","og_title":"Povinn\u00e9 zverej\u0148ovanie - Stredn\u00e1 zdravotn\u00edcka \u0161kola, Moyzesova 17, Ko\u0161ice","og_description":"Meno in\u0161tit\u00facie:Stredn\u00e1 zdravotn\u00edcka \u0161kola, Moyzesova 17, Ko\u0161ice Adresa:Stredn\u00e1 zdravotn\u00edcka \u0161kola Moyzesova 17, Ko\u0161iceMoyzesova 17041 76 Ko\u0161ice I\u010cO:00606766 DI\u010c:&nbsp;2020777891 Sp\u00f4sob zriadenia: Zria\u010fovacia listina \u010d. 1457\/2009 &#8211; RU 17\/33082 Zria\u010fovate\u013e:Ko\u0161ick\u00fd samospr\u00e1vny kraj, N\u00e1mestie Marat\u00f3nu mieru 1, 040 01 \u00daradn\u00e9 hodiny: De\u0148 \u00daradn\u00e9 hodiny Pondelok 9:00 &#8211; 12:0013:00 &#8211; 15:00 Utorok 9:00 &#8211; 12:0013:00 &#8211; 15:00 Streda 9:00 &hellip;Zobrazi\u0165","og_url":"https:\/\/moyzeska.sk\/index.php\/povinne-zverejnovanie\/","og_site_name":"Stredn\u00e1 zdravotn\u00edcka \u0161kola, Moyzesova 17, Ko\u0161ice","article_publisher":"https:\/\/www.facebook.com\/Moyzeska","article_modified_time":"2026-03-26T06:44:48+00:00","twitter_card":"summary_large_image","twitter_misc":{"Predpokladan\u00fd \u010das \u010d\u00edtania":"2 min\u00faty"},"schema":{"@context":"https:\/\/schema.org","@graph":[{"@type":"WebPage","@id":"https:\/\/moyzeska.sk\/index.php\/povinne-zverejnovanie\/","url":"https:\/\/moyzeska.sk\/index.php\/povinne-zverejnovanie\/","name":"Povinn\u00e9 zverej\u0148ovanie - Stredn\u00e1 zdravotn\u00edcka \u0161kola, Moyzesova 17, Ko\u0161ice","isPartOf":{"@id":"https:\/\/moyzeska.sk\/#website"},"datePublished":"2020-10-05T12:08:53+00:00","dateModified":"2026-03-26T06:44:48+00:00","breadcrumb":{"@id":"https:\/\/moyzeska.sk\/index.php\/povinne-zverejnovanie\/#breadcrumb"},"inLanguage":"sk-SK","potentialAction":[{"@type":"ReadAction","target":["https:\/\/moyzeska.sk\/index.php\/povinne-zverejnovanie\/"]}]},{"@type":"BreadcrumbList","@id":"https:\/\/moyzeska.sk\/index.php\/povinne-zverejnovanie\/#breadcrumb","itemListElement":[{"@type":"ListItem","position":1,"name":"Home","item":"https:\/\/moyzeska.sk\/"},{"@type":"ListItem","position":2,"name":"Povinn\u00e9 zverej\u0148ovanie"}]},{"@type":"WebSite","@id":"https:\/\/moyzeska.sk\/#website","url":"https:\/\/moyzeska.sk\/","name":"Stredn\u00e1 zdravotn\u00edcka \u0161kola, Moyzesova 17, Ko\u0161ice","description":"","publisher":{"@id":"https:\/\/moyzeska.sk\/#organization"},"potentialAction":[{"@type":"SearchAction","target":{"@type":"EntryPoint","urlTemplate":"https:\/\/moyzeska.sk\/?s={search_term_string}"},"query-input":"required name=search_term_string"}],"inLanguage":"sk-SK"},{"@type":"Organization","@id":"https:\/\/moyzeska.sk\/#organization","name":"Stredn\u00e1 zdravotn\u00edcka \u0161kola, Moyzesova 17, Ko\u0161ice","url":"https:\/\/moyzeska.sk\/","logo":{"@type":"ImageObject","inLanguage":"sk-SK","@id":"https:\/\/moyzeska.sk\/#\/schema\/logo\/image\/","url":"https:\/\/moyzeska.sk\/wp-content\/uploads\/2020\/09\/SZS-logo.png","contentUrl":"https:\/\/moyzeska.sk\/wp-content\/uploads\/2020\/09\/SZS-logo.png","width":300,"height":300,"caption":"Stredn\u00e1 zdravotn\u00edcka \u0161kola, Moyzesova 17, Ko\u0161ice"},"image":{"@id":"https:\/\/moyzeska.sk\/#\/schema\/logo\/image\/"},"sameAs":["https:\/\/www.facebook.com\/Moyzeska","https:\/\/www.instagram.com\/moyzeska\/"]}]}},"_links":{"self":[{"href":"https:\/\/moyzeska.sk\/index.php\/wp-json\/wp\/v2\/pages\/595"}],"collection":[{"href":"https:\/\/moyzeska.sk\/index.php\/wp-json\/wp\/v2\/pages"}],"about":[{"href":"https:\/\/moyzeska.sk\/index.php\/wp-json\/wp\/v2\/types\/page"}],"author":[{"embeddable":true,"href":"https:\/\/moyzeska.sk\/index.php\/wp-json\/wp\/v2\/users\/1"}],"replies":[{"embeddable":true,"href":"https:\/\/moyzeska.sk\/index.php\/wp-json\/wp\/v2\/comments?post=595"}],"version-history":[{"count":5,"href":"https:\/\/moyzeska.sk\/index.php\/wp-json\/wp\/v2\/pages\/595\/revisions"}],"predecessor-version":[{"id":9055,"href":"https:\/\/moyzeska.sk\/index.php\/wp-json\/wp\/v2\/pages\/595\/revisions\/9055"}],"wp:attachment":[{"href":"https:\/\/moyzeska.sk\/index.php\/wp-json\/wp\/v2\/media?parent=595"}],"curies":[{"name":"wp","href":"https:\/\/api.w.org\/{rel}","templated":true}]}}