{"id":4755,"date":"2023-07-10T13:20:47","date_gmt":"2023-07-10T11:20:47","guid":{"rendered":"https:\/\/moyzeska.sk\/?page_id=4755"},"modified":"2023-07-10T13:20:48","modified_gmt":"2023-07-10T11:20:48","slug":"aktualizacne-vzdelavanie","status":"publish","type":"page","link":"https:\/\/moyzeska.sk\/index.php\/aktualizacne-vzdelavanie\/","title":{"rendered":"Aktualiza\u010dn\u00e9 vzdel\u00e1vanie"},"content":{"rendered":"\n<h3 class=\"wp-block-heading\"><strong>Poskytnutie prostriedkov mechanizmu z&nbsp;Pl\u00e1nu obnovy a&nbsp;odolnosti Slovenskej republiky na aktualiza\u010dn\u00e9 vzdel\u00e1vanie v&nbsp;\u0161kolskom roku 2022\/2023.<\/strong><\/h3>\n\n\n\n<p>Ministerstvo \u0161kolstva, vedy, v\u00fdskumu a&nbsp;\u0161portu SR (M\u0160VVa\u0160 SR) poskytne z Pl\u00e1nu obnovy a&nbsp;odolnosti Slovenskej republiky (\u010falej len \u201ePOO\u201c) v&nbsp;\u0161kolskom roku 2022\/2023 prostriedky mechanizmu na podporu individu\u00e1lneho profesijn\u00e9ho rozvoja pedagogick\u00fdch zamestnancov a&nbsp;odborn\u00fdch zamestnancov.<\/p>\n\n\n\n<p>\u00da\u010delom financovania individu\u00e1lneho profesijn\u00e9ho rozvoja pedagogick\u00fdch zamestnancov a&nbsp;odborn\u00fdch zamestnancov v&nbsp;obdob\u00ed od 01.09.2022 do 30.06.2023 je podpora organizovania aktualiza\u010dn\u00e9ho vzdel\u00e1vania pedagogick\u00fdch zamestnancov a&nbsp;odborn\u00fdch zamestnancov&nbsp;v&nbsp;\u0161kolskom roku 2022\/2023 pod\u013ea \u00a7 90d ods. 12 z\u00e1kona \u010d. 138\/2019 Z. z., v rozsahu&nbsp;<strong>najmenej<\/strong>&nbsp;<strong>20 hod\u00edn a najviac 24 hod\u00edn<\/strong>, na aktivity nap\u013a\u0148aj\u00face obsah zameran\u00fd na zmeny \u0161kolsk\u00e9ho kurikula, inkluz\u00edvne vzdel\u00e1vanie alebo rozvoj digit\u00e1lnych zru\u010dnost\u00ed .<\/p>\n\n\n\n<p>Opr\u00e1vnenej \u0161kole bud\u00fa pridelen\u00e9 prostriedky mechanizmu POO po&nbsp;<strong>vyplnen\u00ed elektronick\u00e9ho prihlasovacieho formul\u00e1ra<\/strong>, link na prihlasovac\u00ed formul\u00e1r:&nbsp;<a href=\"http:\/\/profesijnyrozvoj.iedu.sk\/\">http:\/\/profesijnyrozvoj.iedu.sk\/<\/a>&nbsp;Riadite\u013e opr\u00e1vnenej \u0161koly pou\u017eije pre prihl\u00e1senie do prihlasovacieho formul\u00e1ra eduID \u0161koly a&nbsp;heslo (rovnak\u00e9, ako pou\u017e\u00edva pri vypl\u0148ovan\u00ed dotazn\u00edkov na \u00fa\u010dely zis\u0165ovania COVID \u00fadajov za \u0161koly) a&nbsp;<strong>najnesk\u00f4r do 20.01.2023<\/strong>&nbsp;do 24:00 hod. vypln\u00ed a&nbsp;odo\u0161le elektronick\u00fd prihlasovac\u00ed formul\u00e1r spolu s&nbsp;po\u017eadovan\u00fdmi pr\u00edlohami.<\/p>\n\n\n\n<p>Prostriedky mechanizmu POO bud\u00fa poskytnut\u00e9 opr\u00e1vnen\u00fdm \u0161kol\u00e1m v&nbsp;mesiaci marec 2023 pod\u013ea po\u010dtu pedagogick\u00fdch a&nbsp;odborn\u00fdch zamestnancov evidovan\u00fdch v&nbsp;rezortnom informa\u010dnom syst\u00e9me k&nbsp;15.09.2022. Obdobie realiz\u00e1cie aktualiza\u010dn\u00e9ho vzdel\u00e1vania sa&nbsp;<strong>za\u010d\u00edna d\u0148om 02.09.2022 a kon\u010d\u00ed sa d\u0148om 30.06.2023<\/strong>, a to vr\u00e1tane t\u00fdchto dn\u00ed. Fakt\u00fara za dodanie vzdel\u00e1vacej slu\u017eby a\/alebo vyplatenie odmeny za vykonan\u00fa pr\u00e1cu alebo odmeny za splnenie mimoriadnej pracovnej \u00falohy (lektorsk\u00fa \u010dinnos\u0165 a&nbsp;\u010dinnos\u0165 odborn\u00e9ho garanta) m\u00f4\u017ee by\u0165 vystaven\u00e1 len v&nbsp;obdob\u00ed od 01. janu\u00e1ra 2023 do 30. j\u00fana 2023, pri\u010dom posledn\u00fd de\u0148 na \u00fahradu fakt\u00fary a\/alebo odmeny za vykonan\u00fa pr\u00e1cu alebo odmeny za splnenie mimoriadnej pracovnej \u00falohy je de\u0148 10. j\u00fala 2023.<\/p>\n\n\n\n<p>Viac inform\u00e1ci\u00ed k&nbsp;\u010derpaniu prostriedkov mechanizmu POO, poskytnut\u00fdch na aktualiza\u010dn\u00e9 vzdel\u00e1vanie v&nbsp;\u0161kolskom roku 2022\/2023, n\u00e1jdete v dokumente zverejnenom ni\u017e\u0161ie na tejto webovej str\u00e1nke &#8211;&nbsp;Metodick\u00e9 usmernenie \u010d. 1 k \u010derpaniu prostriedkov mechanizmu z Pl\u00e1nu obnovy a odolnosti Slovenskej republiky, poskytnut\u00fdch na aktualiza\u010dn\u00e9 vzdel\u00e1vanie v&nbsp;\u0161kolskom roku 2022\/2023.<\/p>\n\n\n\n<h4 class=\"wp-block-heading\"><strong>Podpora individu\u00e1lneho profesijn\u00e9ho rozvoja pedagogick\u00fdch zamestnancov a&nbsp;odborn\u00fdch zamestnancov formou poskytovania \u00fa\u010delovo viazan\u00e9ho finan\u010dn\u00e9ho pr\u00edspevku na profesijn\u00fd rozvoj, poskytovan\u00e9ho z&nbsp;prostriedkov mechanizmu Pl\u00e1nu obnovy a&nbsp;odolnosti Slovenskej republiky v&nbsp;rokoch 2022 a\u017e 2025<\/strong><\/h4>\n\n\n\n<p><strong>V\u0161eobecn\u00e9 inform\u00e1cie<\/strong><\/p>\n\n\n\n<p>Ministerstvo \u0161kolstva vedy v\u00fdskumu a \u0161portu Slovenskej republiky (\u010falej len \u201eministerstvo \u0161kolstva\u201c) poskytne na program<strong>&nbsp;Zavedenie a poskytovanie \u00fa\u010delovo viazan\u00e9ho&nbsp; pr\u00edspevku na profesijn\u00fd rozvoj v&nbsp;rokoch 2022 a\u017e 2025 prostriedky mechanizmu z&nbsp;Pl\u00e1nu obnovy a&nbsp;odolnosti.<\/strong><\/p>\n\n\n\n<p>\u00da\u010delom financovania individu\u00e1lneho profesijn\u00e9ho rozvoja pedagogick\u00fdch a&nbsp;odborn\u00fdch zamestnancov (\u010falej len \u201ePZ\u201c a&nbsp;\u201eOZ\u201c) v&nbsp;matersk\u00fdch \u0161kol\u00e1ch, z\u00e1kladn\u00fdch \u0161kol\u00e1ch a&nbsp;v&nbsp;stredn\u00fdch \u0161kol\u00e1ch<\/p>\n\n\n\n<ul>\n<li>v\u00a0obdob\u00ed od 01. 09. 2022 do 30. 06. 2023\u00a0je\n<ul>\n<li>podpora organizovania aktualiza\u010dn\u00e9ho vzdel\u00e1vania PZ a OZ&nbsp;v&nbsp;\u0161kolskom roku 2022\/2023 (\u010falej len \u201eaktualiza\u010dn\u00e9 vzdel\u00e1vanie\u201c)&nbsp;<strong>pod\u013ea \u00a7 90d ods. 12 z\u00e1kona \u010d. 138\/2019 Z. z. o&nbsp;pedagogick\u00fdch zamestnancoch a&nbsp;odborn\u00fdch zamestnancoch a&nbsp;o&nbsp;zmene a&nbsp;doplnen\u00ed niektor\u00fdch z\u00e1konov v&nbsp;znen\u00ed neskor\u0161\u00edch predpisov (\u010falej len \u201ez\u00e1kon \u010d. 138\/2019 Z. z.\u201c)<\/strong><\/li>\n<\/ul>\n<\/li>\n\n\n\n<li>v\u00a0obdob\u00ed od 01. 01. 2023 do 20. 10. 2025\u00a0je\n<ul>\n<li>podpora organizovania aktualiza\u010dn\u00e9ho vzdel\u00e1vania PZ a OZ&nbsp;v&nbsp;\u0161kolskom roku 2022\/2023&nbsp;<strong>pod\u013ea \u00a7 90d ods. 12 z\u00e1kona \u010d. 138\/2019 Z. z.<\/strong><\/li>\n\n\n\n<li>podpora individu\u00e1lneho profesijn\u00e9ho rozvoja PZ a\u00a0OZ\n<ul>\n<li>v&nbsp;povinn\u00fdch profesijn\u00fdch aktivit\u00e1ch vo vybran\u00fdch okruhoch t\u00e9m ur\u010den\u00fdch ministerstvom \u0161kolstva a<\/li>\n\n\n\n<li>v&nbsp;nepovinn\u00fdch profesijn\u00fdch aktivit\u00e1ch (napr. v\u00fdkon atest\u00e1cie, absolvovanie vzdel\u00e1vac\u00edch programov rozv\u00edjaj\u00facich individu\u00e1lne u\u010debn\u00e9 potreby) v&nbsp;obdob\u00ed od 01. 01. 2023 do 20. 10. 2025&nbsp; v&nbsp;s\u00falade so z\u00e1konom \u010d.&nbsp;<strong>138\/2019 Z. z., k&nbsp;tomuto obdobiu bud\u00fa vyd\u00e1van\u00e9 samostatn\u00e9 metodick\u00e9 usmernenia.<\/strong><\/li>\n<\/ul>\n<\/li>\n<\/ul>\n<\/li>\n<\/ul>\n\n\n\n<p><strong>Zoznam&nbsp;poskytovate\u013eov inova\u010dn\u00e9ho vzdel\u00e1vania n\u00e1jdete prostredn\u00edctvom linku:&nbsp;<\/strong><a href=\"https:\/\/www.minedu.sk\/individualny-profesijny-rozvoj-plan-obnovy-a-odolnosti-slovenskej-republiky\/\">https:\/\/www.minedu.sk\/individualny-profesijny-rozvoj-plan-obnovy-a-odolnosti-slovenskej-republiky\/<\/a><\/p>\n\n\n\n<p><strong>Vy\u00fa\u010dtovac\u00ed formul\u00e1r na vy\u00fa\u010dtovanie prostriedkov mechanizmu POO poskytnut\u00fdch na profesijn\u00fd rozvoj \u2013 Aktualiza\u010dn\u00e9 vzdel\u00e1vanie n\u00e1jdete prostredn\u00edctvom linku:\u00a0\u00a0<\/strong><a href=\"https:\/\/profesijnyrozvoj.iedu.sk\/\">https:\/\/profesijnyrozvoj.iedu.sk\/<\/a><\/p>\n\n\n\n<p><\/p>\n\n\n<div class=\"wp-block-image\">\n<figure class=\"aligncenter size-large\"><img decoding=\"async\" loading=\"lazy\" width=\"724\" height=\"1024\" src=\"https:\/\/moyzeska.sk\/wp-content\/uploads\/2023\/07\/Plan_obnovy-1-724x1024.png\" alt=\"\" class=\"wp-image-4760\" srcset=\"https:\/\/moyzeska.sk\/wp-content\/uploads\/2023\/07\/Plan_obnovy-1-724x1024.png 724w, https:\/\/moyzeska.sk\/wp-content\/uploads\/2023\/07\/Plan_obnovy-1-212x300.png 212w, https:\/\/moyzeska.sk\/wp-content\/uploads\/2023\/07\/Plan_obnovy-1-768x1086.png 768w, https:\/\/moyzeska.sk\/wp-content\/uploads\/2023\/07\/Plan_obnovy-1-1086x1536.png 1086w, https:\/\/moyzeska.sk\/wp-content\/uploads\/2023\/07\/Plan_obnovy-1-1448x2048.png 1448w\" sizes=\"(max-width: 724px) 100vw, 724px\" \/><\/figure><\/div>\n\n\n<p>Metodika aktualiza\u010dn\u00e9ho vzdel\u00e1vania: <a href=\"https:\/\/www.minedu.sk\/data\/att\/25162.pdf\">https:\/\/www.minedu.sk\/data\/att\/25162.pdf<\/a><\/p>\n\n\n\n<div class=\"wp-block-file\"><a id=\"wp-block-file--media-fbfb4e76-43ef-4662-ad47-1ad2bc24c020\" href=\"https:\/\/moyzeska.sk\/wp-content\/uploads\/2023\/07\/Hodnotiaci_dotaznik.pdf\"><font size=\"3\">Hodnotiaci dotazn\u00edk<\/font><\/a><\/div>\n\n\n\n<div class=\"wp-block-file\"><a id=\"wp-block-file--media-8eaa3f60-a49b-4424-a0da-11c174bb562b\" href=\"https:\/\/moyzeska.sk\/wp-content\/uploads\/2023\/07\/Program_aktualizacneho_vzdelavania.pdf\"><font size=\"3\">Program aktualiza\u010dn\u00e9ho vzdel\u00e1vania<\/font><\/a><\/div>\n\n\n\n<div class=\"wp-block-file\"><a id=\"wp-block-file--media-1540d98b-8241-4b9e-a06b-01f2f994cff9\" href=\"https:\/\/moyzeska.sk\/wp-content\/uploads\/2023\/07\/Vyhodnotenie_dotaznik.pdf\"><font size=\"3\">Vyhodnotenie dotazn\u00edka<\/font><\/a><\/div>\n","protected":false},"excerpt":{"rendered":"<p>Poskytnutie prostriedkov mechanizmu z&nbsp;Pl\u00e1nu obnovy a&nbsp;odolnosti Slovenskej republiky na aktualiza\u010dn\u00e9 vzdel\u00e1vanie v&nbsp;\u0161kolskom roku 2022\/2023. Ministerstvo \u0161kolstva, vedy, v\u00fdskumu a&nbsp;\u0161portu SR (M\u0160VVa\u0160 SR) poskytne z Pl\u00e1nu obnovy a&nbsp;odolnosti Slovenskej republiky (\u010falej len \u201ePOO\u201c) v&nbsp;\u0161kolskom roku 2022\/2023 prostriedky mechanizmu na podporu individu\u00e1lneho profesijn\u00e9ho rozvoja pedagogick\u00fdch zamestnancov a&nbsp;odborn\u00fdch zamestnancov. \u00da\u010delom financovania individu\u00e1lneho profesijn\u00e9ho rozvoja pedagogick\u00fdch zamestnancov a&nbsp;odborn\u00fdch zamestnancov &hellip;<br \/><a href=\"https:\/\/moyzeska.sk\/index.php\/aktualizacne-vzdelavanie\/\" class=\"more-link pen_button pen_element_default pen_icon_arrow_double\">Zobrazi\u0165<\/a><\/p>\n","protected":false},"author":1,"featured_media":0,"parent":0,"menu_order":0,"comment_status":"closed","ping_status":"closed","template":"","meta":{"_monsterinsights_skip_tracking":false,"_monsterinsights_sitenote_active":false,"_monsterinsights_sitenote_note":"","_monsterinsights_sitenote_category":0},"yoast_head":"<!-- This site is optimized with the Yoast SEO plugin v21.8.1 - https:\/\/yoast.com\/wordpress\/plugins\/seo\/ -->\n<title>Aktualiza\u010dn\u00e9 vzdel\u00e1vanie - Stredn\u00e1 zdravotn\u00edcka \u0161kola, Moyzesova 17, Ko\u0161ice<\/title>\n<meta name=\"robots\" content=\"index, follow, max-snippet:-1, max-image-preview:large, max-video-preview:-1\" \/>\n<link rel=\"canonical\" href=\"https:\/\/moyzeska.sk\/index.php\/aktualizacne-vzdelavanie\/\" \/>\n<meta property=\"og:locale\" content=\"sk_SK\" \/>\n<meta property=\"og:type\" content=\"article\" \/>\n<meta property=\"og:title\" content=\"Aktualiza\u010dn\u00e9 vzdel\u00e1vanie - Stredn\u00e1 zdravotn\u00edcka \u0161kola, Moyzesova 17, Ko\u0161ice\" \/>\n<meta property=\"og:description\" content=\"Poskytnutie prostriedkov mechanizmu z&nbsp;Pl\u00e1nu obnovy a&nbsp;odolnosti Slovenskej republiky na aktualiza\u010dn\u00e9 vzdel\u00e1vanie v&nbsp;\u0161kolskom roku 2022\/2023. Ministerstvo \u0161kolstva, vedy, v\u00fdskumu a&nbsp;\u0161portu SR (M\u0160VVa\u0160 SR) poskytne z Pl\u00e1nu obnovy a&nbsp;odolnosti Slovenskej republiky (\u010falej len \u201ePOO\u201c) v&nbsp;\u0161kolskom roku 2022\/2023 prostriedky mechanizmu na podporu individu\u00e1lneho profesijn\u00e9ho rozvoja pedagogick\u00fdch zamestnancov a&nbsp;odborn\u00fdch zamestnancov. \u00da\u010delom financovania individu\u00e1lneho profesijn\u00e9ho rozvoja pedagogick\u00fdch zamestnancov a&nbsp;odborn\u00fdch zamestnancov &hellip;Zobrazi\u0165\" \/>\n<meta property=\"og:url\" content=\"https:\/\/moyzeska.sk\/index.php\/aktualizacne-vzdelavanie\/\" \/>\n<meta property=\"og:site_name\" content=\"Stredn\u00e1 zdravotn\u00edcka \u0161kola, Moyzesova 17, Ko\u0161ice\" \/>\n<meta property=\"article:publisher\" content=\"https:\/\/www.facebook.com\/Moyzeska\" \/>\n<meta property=\"article:modified_time\" content=\"2023-07-10T11:20:48+00:00\" \/>\n<meta property=\"og:image\" content=\"https:\/\/moyzeska.sk\/wp-content\/uploads\/2023\/07\/Plan_obnovy-1-724x1024.png\" \/>\n<meta name=\"twitter:card\" content=\"summary_large_image\" \/>\n<meta name=\"twitter:label1\" content=\"Predpokladan\u00fd \u010das \u010d\u00edtania\" \/>\n\t<meta name=\"twitter:data1\" content=\"4 min\u00faty\" \/>\n<script type=\"application\/ld+json\" class=\"yoast-schema-graph\">{\"@context\":\"https:\/\/schema.org\",\"@graph\":[{\"@type\":\"WebPage\",\"@id\":\"https:\/\/moyzeska.sk\/index.php\/aktualizacne-vzdelavanie\/\",\"url\":\"https:\/\/moyzeska.sk\/index.php\/aktualizacne-vzdelavanie\/\",\"name\":\"Aktualiza\u010dn\u00e9 vzdel\u00e1vanie - Stredn\u00e1 zdravotn\u00edcka \u0161kola, Moyzesova 17, Ko\u0161ice\",\"isPartOf\":{\"@id\":\"https:\/\/moyzeska.sk\/#website\"},\"datePublished\":\"2023-07-10T11:20:47+00:00\",\"dateModified\":\"2023-07-10T11:20:48+00:00\",\"breadcrumb\":{\"@id\":\"https:\/\/moyzeska.sk\/index.php\/aktualizacne-vzdelavanie\/#breadcrumb\"},\"inLanguage\":\"sk-SK\",\"potentialAction\":[{\"@type\":\"ReadAction\",\"target\":[\"https:\/\/moyzeska.sk\/index.php\/aktualizacne-vzdelavanie\/\"]}]},{\"@type\":\"BreadcrumbList\",\"@id\":\"https:\/\/moyzeska.sk\/index.php\/aktualizacne-vzdelavanie\/#breadcrumb\",\"itemListElement\":[{\"@type\":\"ListItem\",\"position\":1,\"name\":\"Home\",\"item\":\"https:\/\/moyzeska.sk\/\"},{\"@type\":\"ListItem\",\"position\":2,\"name\":\"Aktualiza\u010dn\u00e9 vzdel\u00e1vanie\"}]},{\"@type\":\"WebSite\",\"@id\":\"https:\/\/moyzeska.sk\/#website\",\"url\":\"https:\/\/moyzeska.sk\/\",\"name\":\"Stredn\u00e1 zdravotn\u00edcka \u0161kola, Moyzesova 17, Ko\u0161ice\",\"description\":\"\",\"publisher\":{\"@id\":\"https:\/\/moyzeska.sk\/#organization\"},\"potentialAction\":[{\"@type\":\"SearchAction\",\"target\":{\"@type\":\"EntryPoint\",\"urlTemplate\":\"https:\/\/moyzeska.sk\/?s={search_term_string}\"},\"query-input\":\"required name=search_term_string\"}],\"inLanguage\":\"sk-SK\"},{\"@type\":\"Organization\",\"@id\":\"https:\/\/moyzeska.sk\/#organization\",\"name\":\"Stredn\u00e1 zdravotn\u00edcka \u0161kola, Moyzesova 17, Ko\u0161ice\",\"url\":\"https:\/\/moyzeska.sk\/\",\"logo\":{\"@type\":\"ImageObject\",\"inLanguage\":\"sk-SK\",\"@id\":\"https:\/\/moyzeska.sk\/#\/schema\/logo\/image\/\",\"url\":\"https:\/\/moyzeska.sk\/wp-content\/uploads\/2020\/09\/SZS-logo.png\",\"contentUrl\":\"https:\/\/moyzeska.sk\/wp-content\/uploads\/2020\/09\/SZS-logo.png\",\"width\":300,\"height\":300,\"caption\":\"Stredn\u00e1 zdravotn\u00edcka \u0161kola, Moyzesova 17, Ko\u0161ice\"},\"image\":{\"@id\":\"https:\/\/moyzeska.sk\/#\/schema\/logo\/image\/\"},\"sameAs\":[\"https:\/\/www.facebook.com\/Moyzeska\",\"https:\/\/www.instagram.com\/moyzeska\/\"]}]}<\/script>\n<!-- \/ Yoast SEO plugin. -->","yoast_head_json":{"title":"Aktualiza\u010dn\u00e9 vzdel\u00e1vanie - Stredn\u00e1 zdravotn\u00edcka \u0161kola, Moyzesova 17, Ko\u0161ice","robots":{"index":"index","follow":"follow","max-snippet":"max-snippet:-1","max-image-preview":"max-image-preview:large","max-video-preview":"max-video-preview:-1"},"canonical":"https:\/\/moyzeska.sk\/index.php\/aktualizacne-vzdelavanie\/","og_locale":"sk_SK","og_type":"article","og_title":"Aktualiza\u010dn\u00e9 vzdel\u00e1vanie - Stredn\u00e1 zdravotn\u00edcka \u0161kola, Moyzesova 17, Ko\u0161ice","og_description":"Poskytnutie prostriedkov mechanizmu z&nbsp;Pl\u00e1nu obnovy a&nbsp;odolnosti Slovenskej republiky na aktualiza\u010dn\u00e9 vzdel\u00e1vanie v&nbsp;\u0161kolskom roku 2022\/2023. Ministerstvo \u0161kolstva, vedy, v\u00fdskumu a&nbsp;\u0161portu SR (M\u0160VVa\u0160 SR) poskytne z Pl\u00e1nu obnovy a&nbsp;odolnosti Slovenskej republiky (\u010falej len \u201ePOO\u201c) v&nbsp;\u0161kolskom roku 2022\/2023 prostriedky mechanizmu na podporu individu\u00e1lneho profesijn\u00e9ho rozvoja pedagogick\u00fdch zamestnancov a&nbsp;odborn\u00fdch zamestnancov. \u00da\u010delom financovania individu\u00e1lneho profesijn\u00e9ho rozvoja pedagogick\u00fdch zamestnancov a&nbsp;odborn\u00fdch zamestnancov &hellip;Zobrazi\u0165","og_url":"https:\/\/moyzeska.sk\/index.php\/aktualizacne-vzdelavanie\/","og_site_name":"Stredn\u00e1 zdravotn\u00edcka \u0161kola, Moyzesova 17, Ko\u0161ice","article_publisher":"https:\/\/www.facebook.com\/Moyzeska","article_modified_time":"2023-07-10T11:20:48+00:00","og_image":[{"url":"https:\/\/moyzeska.sk\/wp-content\/uploads\/2023\/07\/Plan_obnovy-1-724x1024.png"}],"twitter_card":"summary_large_image","twitter_misc":{"Predpokladan\u00fd \u010das \u010d\u00edtania":"4 min\u00faty"},"schema":{"@context":"https:\/\/schema.org","@graph":[{"@type":"WebPage","@id":"https:\/\/moyzeska.sk\/index.php\/aktualizacne-vzdelavanie\/","url":"https:\/\/moyzeska.sk\/index.php\/aktualizacne-vzdelavanie\/","name":"Aktualiza\u010dn\u00e9 vzdel\u00e1vanie - Stredn\u00e1 zdravotn\u00edcka \u0161kola, Moyzesova 17, Ko\u0161ice","isPartOf":{"@id":"https:\/\/moyzeska.sk\/#website"},"datePublished":"2023-07-10T11:20:47+00:00","dateModified":"2023-07-10T11:20:48+00:00","breadcrumb":{"@id":"https:\/\/moyzeska.sk\/index.php\/aktualizacne-vzdelavanie\/#breadcrumb"},"inLanguage":"sk-SK","potentialAction":[{"@type":"ReadAction","target":["https:\/\/moyzeska.sk\/index.php\/aktualizacne-vzdelavanie\/"]}]},{"@type":"BreadcrumbList","@id":"https:\/\/moyzeska.sk\/index.php\/aktualizacne-vzdelavanie\/#breadcrumb","itemListElement":[{"@type":"ListItem","position":1,"name":"Home","item":"https:\/\/moyzeska.sk\/"},{"@type":"ListItem","position":2,"name":"Aktualiza\u010dn\u00e9 vzdel\u00e1vanie"}]},{"@type":"WebSite","@id":"https:\/\/moyzeska.sk\/#website","url":"https:\/\/moyzeska.sk\/","name":"Stredn\u00e1 zdravotn\u00edcka \u0161kola, Moyzesova 17, Ko\u0161ice","description":"","publisher":{"@id":"https:\/\/moyzeska.sk\/#organization"},"potentialAction":[{"@type":"SearchAction","target":{"@type":"EntryPoint","urlTemplate":"https:\/\/moyzeska.sk\/?s={search_term_string}"},"query-input":"required name=search_term_string"}],"inLanguage":"sk-SK"},{"@type":"Organization","@id":"https:\/\/moyzeska.sk\/#organization","name":"Stredn\u00e1 zdravotn\u00edcka \u0161kola, Moyzesova 17, Ko\u0161ice","url":"https:\/\/moyzeska.sk\/","logo":{"@type":"ImageObject","inLanguage":"sk-SK","@id":"https:\/\/moyzeska.sk\/#\/schema\/logo\/image\/","url":"https:\/\/moyzeska.sk\/wp-content\/uploads\/2020\/09\/SZS-logo.png","contentUrl":"https:\/\/moyzeska.sk\/wp-content\/uploads\/2020\/09\/SZS-logo.png","width":300,"height":300,"caption":"Stredn\u00e1 zdravotn\u00edcka \u0161kola, Moyzesova 17, Ko\u0161ice"},"image":{"@id":"https:\/\/moyzeska.sk\/#\/schema\/logo\/image\/"},"sameAs":["https:\/\/www.facebook.com\/Moyzeska","https:\/\/www.instagram.com\/moyzeska\/"]}]}},"_links":{"self":[{"href":"https:\/\/moyzeska.sk\/index.php\/wp-json\/wp\/v2\/pages\/4755"}],"collection":[{"href":"https:\/\/moyzeska.sk\/index.php\/wp-json\/wp\/v2\/pages"}],"about":[{"href":"https:\/\/moyzeska.sk\/index.php\/wp-json\/wp\/v2\/types\/page"}],"author":[{"embeddable":true,"href":"https:\/\/moyzeska.sk\/index.php\/wp-json\/wp\/v2\/users\/1"}],"replies":[{"embeddable":true,"href":"https:\/\/moyzeska.sk\/index.php\/wp-json\/wp\/v2\/comments?post=4755"}],"version-history":[{"count":6,"href":"https:\/\/moyzeska.sk\/index.php\/wp-json\/wp\/v2\/pages\/4755\/revisions"}],"predecessor-version":[{"id":4767,"href":"https:\/\/moyzeska.sk\/index.php\/wp-json\/wp\/v2\/pages\/4755\/revisions\/4767"}],"wp:attachment":[{"href":"https:\/\/moyzeska.sk\/index.php\/wp-json\/wp\/v2\/media?parent=4755"}],"curies":[{"name":"wp","href":"https:\/\/api.w.org\/{rel}","templated":true}]}}