{"id":3581,"date":"2022-04-11T08:01:00","date_gmt":"2022-04-11T06:01:00","guid":{"rendered":"https:\/\/moyzeska.sk\/?page_id=3581"},"modified":"2024-04-05T10:38:41","modified_gmt":"2024-04-05T08:38:41","slug":"okruhy-tem-pre-prijimacie-skusky-na-sk-rok-2024-2025","status":"publish","type":"page","link":"https:\/\/moyzeska.sk\/index.php\/okruhy-tem-pre-prijimacie-skusky-na-sk-rok-2024-2025\/","title":{"rendered":"Okruhy t\u00e9m pre 4-ro\u010dn\u00e9 denn\u00e9 \u0161t\u00fadium"},"content":{"rendered":"\n<p><strong><u>CH\u00c9MIA<\/u><\/strong><\/p>\n\n\n\n<p><strong>Pod\u013ea:<\/strong> \u0160t\u00e1tneho vzdel\u00e1vacieho programu ISCED 2<\/p>\n\n\n\n<p><strong>Vzdel\u00e1vacia oblas\u0165:<\/strong> \u010clovek a pr\u00edroda &#8211; ch\u00e9mia<\/p>\n\n\n\n<p><strong>Obsah t\u00e9m:<\/strong><\/p>\n\n\n\n<ol type=\"1\">\n<li><strong>Ch\u00e9mia okolo n\u00e1s:<\/strong>\n<ul>\n<li>objavovanie ch\u00e9mie v na\u0161om okol\u00ed<\/li>\n\n\n\n<li>sk\u00famanie vlastnost\u00ed l\u00e1tok<\/li>\n\n\n\n<li>zmesi a chemicky \u010dist\u00e9 l\u00e1tky<\/li>\n\n\n\n<li>l\u00e1tky, nevyhnutn\u00e9 pre n\u00e1\u0161 \u017eivot: voda a&nbsp;vzduch<\/li>\n<\/ul>\n<\/li>\n\n\n\n<li><strong>Premeny l\u00e1tok:<\/strong>\n<ul>\n<li>spozn\u00e1vanie chemick\u00fdch reakci\u00ed v na\u0161om okol\u00ed<\/li>\n\n\n\n<li>zmeny pri chemick\u00fdch reakci\u00e1ch<\/li>\n<\/ul>\n<\/li>\n\n\n\n<li><strong>Zlo\u017eenie l\u00e1tok:<\/strong>\n<ul>\n<li>chemick\u00e9 prvky a&nbsp;zl\u00fa\u010deniny<\/li>\n\n\n\n<li>\u010dastice l\u00e1tok: at\u00f3my, molekuly a&nbsp;i\u00f3ny<\/li>\n\n\n\n<li>periodick\u00e1 s\u00fastava prvkov<\/li>\n<\/ul>\n<\/li>\n\n\n\n<li><strong>V\u00fdznamn\u00e9 chemick\u00e9 prvky a zl\u00fa\u010deniny<\/strong><\/li>\n\n\n\n<li><strong>Chemick\u00e9 v\u00fdpo\u010dty:<\/strong>\n<ul>\n<li>zlo\u017eenie roztokov<\/li>\n<\/ul>\n<\/li>\n\n\n\n<li><strong>Organick\u00e9 l\u00e1tky:<\/strong>\n<ul>\n<li>vlastnosti jednoduch\u00fdch organick\u00fdch l\u00e1tok<\/li>\n\n\n\n<li>uh\u013eovod\u00edky<\/li>\n\n\n\n<li>deriv\u00e1ty uh\u013eovod\u00edkov<\/li>\n\n\n\n<li>organick\u00e9 l\u00e1tky v \u017eiv\u00fdch organizmoch<\/li>\n\n\n\n<li>organick\u00e9 l\u00e1tky v&nbsp;be\u017enom \u017eivote<\/li>\n<\/ul>\n<\/li>\n<\/ol>\n\n\n\n<p><strong>Odpor\u00fa\u010dan\u00e1 literat\u00fara:&nbsp;<\/strong>U\u010debnice ch\u00e9mie pre z\u00e1kladn\u00e9 \u0161koly<\/p>\n\n\n\n<ul>\n<li>VICENOV\u00c1, H., GANAJOV\u00c1, M.: Ch\u00e9mia pre 7. ro\u010dn\u00edk z\u00e1kladnej \u0161koly a&nbsp;pre 2. ro\u010dn\u00edk gymn\u00e1zia s&nbsp;osemro\u010dn\u00fdm \u0161t\u00fadiom, 1. vydanie, Bratislava \u2013 Expol Pedagogika 2017, 95 str\u00e1n. ISBN 978-890-8091-427-1.<\/li>\n\n\n\n<li>VICENOV\u00c1, H., GANAJOV\u00c1, M.: Ch\u00e9mia pre 8. ro\u010dn\u00edk z\u00e1kladnej \u0161koly a&nbsp;pre 3. ro\u010dn\u00edk gymn\u00e1zia s&nbsp;osemro\u010dn\u00fdm \u0161t\u00fadiom, 1. vydanie, Bratislava \u2013 Expol Pedagogika 2018, 95 str\u00e1n. ISBN 978-80-8091-489-9.<\/li>\n\n\n\n<li>VICENOV\u00c1, H., GANAJOV\u00c1, M.: Ch\u00e9mia pre 9. ro\u010dn\u00edk z\u00e1kladnej \u0161koly a&nbsp;pre 4. ro\u010dn\u00edk gymn\u00e1zia s&nbsp;osemro\u010dn\u00fdm \u0161t\u00fadiom, 1. vydanie, Bratislava \u2013 Expol Pedagogika 2019, 79 str\u00e1n. ISBN 978-80-8091-573-5.<\/li>\n<\/ul>\n\n\n\n<hr class=\"wp-block-separator has-css-opacity is-style-default\"\/>\n\n\n\n<p><strong><u>BIOL\u00d3GIA<\/u><\/strong><\/p>\n\n\n\n<p><strong>Pod\u013ea:<\/strong>&nbsp;\u0160t\u00e1tneho vzdel\u00e1vacieho programu ISCED 2<\/p>\n\n\n\n<p><strong>Vzdel\u00e1vacia oblas\u0165:<\/strong> \u010clovek a&nbsp;pr\u00edroda \u2013 Biol\u00f3gia<\/p>\n\n\n\n<p><strong>Obsah t\u00e9m:<\/strong><\/p>\n\n\n\n<ul>\n<li>Z\u00e1kladn\u00e1 \u0161trukt\u00fara \u017eivota<\/li>\n\n\n\n<li>Vn\u00fatorn\u00e1 organiz\u00e1cia tela organizmov<\/li>\n\n\n\n<li>\u010clovek a&nbsp;jeho telo<\/li>\n\n\n\n<li>\u013dudsk\u00fd organizmus a&nbsp;\u013eudsk\u00e9 spolo\u010denstvo<\/li>\n\n\n\n<li>Povrch tela a&nbsp;ko\u017en\u00e1 s\u00fastava<\/li>\n\n\n\n<li>Oporn\u00e1 a&nbsp;pohybov\u00e1 s\u00fastava<\/li>\n\n\n\n<li>Tr\u00e1viaca s\u00fastava<\/li>\n\n\n\n<li>D\u00fdchacia s\u00fastava<\/li>\n\n\n\n<li>Obehov\u00e1 s\u00fastava<\/li>\n\n\n\n<li>Vylu\u010dovanie a&nbsp;mo\u010dov\u00e1 s\u00fastava<\/li>\n\n\n\n<li>Regula\u010dn\u00e9 s\u00fastavy<\/li>\n\n\n\n<li>Rozmno\u017eovacia s\u00fastava, v\u00fdvin jedinca a&nbsp;rodi\u010dovstvo<\/li>\n\n\n\n<li>Zdravie a&nbsp;\u017eivot \u010dloveka<\/li>\n<\/ul>\n\n\n\n<p><strong>Odpor\u00fa\u010dan\u00e1 literat\u00fara:&nbsp;<\/strong>U\u010debnica biol\u00f3gie pre z\u00e1kladn\u00e9 \u0161koly<\/p>\n\n\n\n<ul>\n<li>UHEREKOV\u00c1 M. a&nbsp;kol.: Biol\u00f3gia pre 6. ro\u010dn\u00edk z\u00e1kladnej \u0161koly a&nbsp;pre 1. ro\u010dn\u00edk gymn\u00e1zia s&nbsp;osemro\u010dn\u00fdm \u0161t\u00fadiom, 6. vydanie, Bratislava \u2013 Expol Pedagogika 2019, 97 str\u00e1n. ISBN 978-80-8091-539-1.<\/li>\n\n\n\n<li>UHEREKOV\u00c1 M. a&nbsp;kol.: Biol\u00f3gia pre 7. ro\u010dn\u00edk z\u00e1kladnej \u0161koly a&nbsp;pre 2. ro\u010dn\u00edk gymn\u00e1zia s&nbsp;osemro\u010dn\u00fdm \u0161t\u00fadiom, 4. vydanie, Bratislava \u2013 Expol Pedagogika 2019, 136 str\u00e1n. ISBN 978-80-8091-548-3.<\/li>\n<\/ul>\n","protected":false},"excerpt":{"rendered":"<p>CH\u00c9MIA Pod\u013ea: \u0160t\u00e1tneho vzdel\u00e1vacieho programu ISCED 2 Vzdel\u00e1vacia oblas\u0165: \u010clovek a pr\u00edroda &#8211; ch\u00e9mia Obsah t\u00e9m: Odpor\u00fa\u010dan\u00e1 literat\u00fara:&nbsp;U\u010debnice ch\u00e9mie pre z\u00e1kladn\u00e9 \u0161koly BIOL\u00d3GIA Pod\u013ea:&nbsp;\u0160t\u00e1tneho vzdel\u00e1vacieho programu ISCED 2 Vzdel\u00e1vacia oblas\u0165: \u010clovek a&nbsp;pr\u00edroda \u2013 Biol\u00f3gia Obsah t\u00e9m: Odpor\u00fa\u010dan\u00e1 literat\u00fara:&nbsp;U\u010debnica biol\u00f3gie pre z\u00e1kladn\u00e9 \u0161koly<\/p>\n","protected":false},"author":1,"featured_media":0,"parent":0,"menu_order":0,"comment_status":"closed","ping_status":"closed","template":"","meta":{"_monsterinsights_skip_tracking":false,"_monsterinsights_sitenote_active":false,"_monsterinsights_sitenote_note":"","_monsterinsights_sitenote_category":0},"yoast_head":"<!-- This site is optimized with the Yoast SEO plugin v21.8.1 - https:\/\/yoast.com\/wordpress\/plugins\/seo\/ -->\n<title>Okruhy t\u00e9m pre 4-ro\u010dn\u00e9 denn\u00e9 \u0161t\u00fadium - Stredn\u00e1 zdravotn\u00edcka \u0161kola, Moyzesova 17, Ko\u0161ice<\/title>\n<meta name=\"robots\" content=\"index, follow, max-snippet:-1, max-image-preview:large, max-video-preview:-1\" \/>\n<link rel=\"canonical\" href=\"https:\/\/moyzeska.sk\/index.php\/okruhy-tem-pre-prijimacie-skusky-na-sk-rok-2024-2025\/\" \/>\n<meta property=\"og:locale\" content=\"sk_SK\" \/>\n<meta property=\"og:type\" content=\"article\" \/>\n<meta property=\"og:title\" content=\"Okruhy t\u00e9m pre 4-ro\u010dn\u00e9 denn\u00e9 \u0161t\u00fadium - Stredn\u00e1 zdravotn\u00edcka \u0161kola, Moyzesova 17, Ko\u0161ice\" \/>\n<meta property=\"og:description\" content=\"CH\u00c9MIA Pod\u013ea: \u0160t\u00e1tneho vzdel\u00e1vacieho programu ISCED 2 Vzdel\u00e1vacia oblas\u0165: \u010clovek a pr\u00edroda &#8211; ch\u00e9mia Obsah t\u00e9m: Odpor\u00fa\u010dan\u00e1 literat\u00fara:&nbsp;U\u010debnice ch\u00e9mie pre z\u00e1kladn\u00e9 \u0161koly BIOL\u00d3GIA Pod\u013ea:&nbsp;\u0160t\u00e1tneho vzdel\u00e1vacieho programu ISCED 2 Vzdel\u00e1vacia oblas\u0165: \u010clovek a&nbsp;pr\u00edroda \u2013 Biol\u00f3gia Obsah t\u00e9m: Odpor\u00fa\u010dan\u00e1 literat\u00fara:&nbsp;U\u010debnica biol\u00f3gie pre z\u00e1kladn\u00e9 \u0161koly\" \/>\n<meta property=\"og:url\" content=\"https:\/\/moyzeska.sk\/index.php\/okruhy-tem-pre-prijimacie-skusky-na-sk-rok-2024-2025\/\" \/>\n<meta property=\"og:site_name\" content=\"Stredn\u00e1 zdravotn\u00edcka \u0161kola, Moyzesova 17, Ko\u0161ice\" \/>\n<meta property=\"article:publisher\" content=\"https:\/\/www.facebook.com\/Moyzeska\" \/>\n<meta property=\"article:modified_time\" content=\"2024-04-05T08:38:41+00:00\" \/>\n<meta name=\"twitter:card\" content=\"summary_large_image\" \/>\n<meta name=\"twitter:label1\" content=\"Predpokladan\u00fd \u010das \u010d\u00edtania\" \/>\n\t<meta name=\"twitter:data1\" content=\"2 min\u00faty\" \/>\n<script type=\"application\/ld+json\" class=\"yoast-schema-graph\">{\"@context\":\"https:\/\/schema.org\",\"@graph\":[{\"@type\":\"WebPage\",\"@id\":\"https:\/\/moyzeska.sk\/index.php\/okruhy-tem-pre-prijimacie-skusky-na-sk-rok-2024-2025\/\",\"url\":\"https:\/\/moyzeska.sk\/index.php\/okruhy-tem-pre-prijimacie-skusky-na-sk-rok-2024-2025\/\",\"name\":\"Okruhy t\u00e9m pre 4-ro\u010dn\u00e9 denn\u00e9 \u0161t\u00fadium - Stredn\u00e1 zdravotn\u00edcka \u0161kola, Moyzesova 17, Ko\u0161ice\",\"isPartOf\":{\"@id\":\"https:\/\/moyzeska.sk\/#website\"},\"datePublished\":\"2022-04-11T06:01:00+00:00\",\"dateModified\":\"2024-04-05T08:38:41+00:00\",\"breadcrumb\":{\"@id\":\"https:\/\/moyzeska.sk\/index.php\/okruhy-tem-pre-prijimacie-skusky-na-sk-rok-2024-2025\/#breadcrumb\"},\"inLanguage\":\"sk-SK\",\"potentialAction\":[{\"@type\":\"ReadAction\",\"target\":[\"https:\/\/moyzeska.sk\/index.php\/okruhy-tem-pre-prijimacie-skusky-na-sk-rok-2024-2025\/\"]}]},{\"@type\":\"BreadcrumbList\",\"@id\":\"https:\/\/moyzeska.sk\/index.php\/okruhy-tem-pre-prijimacie-skusky-na-sk-rok-2024-2025\/#breadcrumb\",\"itemListElement\":[{\"@type\":\"ListItem\",\"position\":1,\"name\":\"Home\",\"item\":\"https:\/\/moyzeska.sk\/\"},{\"@type\":\"ListItem\",\"position\":2,\"name\":\"Okruhy t\u00e9m pre 4-ro\u010dn\u00e9 denn\u00e9 \u0161t\u00fadium\"}]},{\"@type\":\"WebSite\",\"@id\":\"https:\/\/moyzeska.sk\/#website\",\"url\":\"https:\/\/moyzeska.sk\/\",\"name\":\"Stredn\u00e1 zdravotn\u00edcka \u0161kola, Moyzesova 17, Ko\u0161ice\",\"description\":\"\",\"publisher\":{\"@id\":\"https:\/\/moyzeska.sk\/#organization\"},\"potentialAction\":[{\"@type\":\"SearchAction\",\"target\":{\"@type\":\"EntryPoint\",\"urlTemplate\":\"https:\/\/moyzeska.sk\/?s={search_term_string}\"},\"query-input\":\"required name=search_term_string\"}],\"inLanguage\":\"sk-SK\"},{\"@type\":\"Organization\",\"@id\":\"https:\/\/moyzeska.sk\/#organization\",\"name\":\"Stredn\u00e1 zdravotn\u00edcka \u0161kola, Moyzesova 17, Ko\u0161ice\",\"url\":\"https:\/\/moyzeska.sk\/\",\"logo\":{\"@type\":\"ImageObject\",\"inLanguage\":\"sk-SK\",\"@id\":\"https:\/\/moyzeska.sk\/#\/schema\/logo\/image\/\",\"url\":\"https:\/\/moyzeska.sk\/wp-content\/uploads\/2020\/09\/SZS-logo.png\",\"contentUrl\":\"https:\/\/moyzeska.sk\/wp-content\/uploads\/2020\/09\/SZS-logo.png\",\"width\":300,\"height\":300,\"caption\":\"Stredn\u00e1 zdravotn\u00edcka \u0161kola, Moyzesova 17, Ko\u0161ice\"},\"image\":{\"@id\":\"https:\/\/moyzeska.sk\/#\/schema\/logo\/image\/\"},\"sameAs\":[\"https:\/\/www.facebook.com\/Moyzeska\",\"https:\/\/www.instagram.com\/moyzeska\/\"]}]}<\/script>\n<!-- \/ Yoast SEO plugin. -->","yoast_head_json":{"title":"Okruhy t\u00e9m pre 4-ro\u010dn\u00e9 denn\u00e9 \u0161t\u00fadium - Stredn\u00e1 zdravotn\u00edcka \u0161kola, Moyzesova 17, Ko\u0161ice","robots":{"index":"index","follow":"follow","max-snippet":"max-snippet:-1","max-image-preview":"max-image-preview:large","max-video-preview":"max-video-preview:-1"},"canonical":"https:\/\/moyzeska.sk\/index.php\/okruhy-tem-pre-prijimacie-skusky-na-sk-rok-2024-2025\/","og_locale":"sk_SK","og_type":"article","og_title":"Okruhy t\u00e9m pre 4-ro\u010dn\u00e9 denn\u00e9 \u0161t\u00fadium - Stredn\u00e1 zdravotn\u00edcka \u0161kola, Moyzesova 17, Ko\u0161ice","og_description":"CH\u00c9MIA Pod\u013ea: \u0160t\u00e1tneho vzdel\u00e1vacieho programu ISCED 2 Vzdel\u00e1vacia oblas\u0165: \u010clovek a pr\u00edroda &#8211; ch\u00e9mia Obsah t\u00e9m: Odpor\u00fa\u010dan\u00e1 literat\u00fara:&nbsp;U\u010debnice ch\u00e9mie pre z\u00e1kladn\u00e9 \u0161koly BIOL\u00d3GIA Pod\u013ea:&nbsp;\u0160t\u00e1tneho vzdel\u00e1vacieho programu ISCED 2 Vzdel\u00e1vacia oblas\u0165: \u010clovek a&nbsp;pr\u00edroda \u2013 Biol\u00f3gia Obsah t\u00e9m: Odpor\u00fa\u010dan\u00e1 literat\u00fara:&nbsp;U\u010debnica biol\u00f3gie pre z\u00e1kladn\u00e9 \u0161koly","og_url":"https:\/\/moyzeska.sk\/index.php\/okruhy-tem-pre-prijimacie-skusky-na-sk-rok-2024-2025\/","og_site_name":"Stredn\u00e1 zdravotn\u00edcka \u0161kola, Moyzesova 17, Ko\u0161ice","article_publisher":"https:\/\/www.facebook.com\/Moyzeska","article_modified_time":"2024-04-05T08:38:41+00:00","twitter_card":"summary_large_image","twitter_misc":{"Predpokladan\u00fd \u010das \u010d\u00edtania":"2 min\u00faty"},"schema":{"@context":"https:\/\/schema.org","@graph":[{"@type":"WebPage","@id":"https:\/\/moyzeska.sk\/index.php\/okruhy-tem-pre-prijimacie-skusky-na-sk-rok-2024-2025\/","url":"https:\/\/moyzeska.sk\/index.php\/okruhy-tem-pre-prijimacie-skusky-na-sk-rok-2024-2025\/","name":"Okruhy t\u00e9m pre 4-ro\u010dn\u00e9 denn\u00e9 \u0161t\u00fadium - Stredn\u00e1 zdravotn\u00edcka \u0161kola, Moyzesova 17, Ko\u0161ice","isPartOf":{"@id":"https:\/\/moyzeska.sk\/#website"},"datePublished":"2022-04-11T06:01:00+00:00","dateModified":"2024-04-05T08:38:41+00:00","breadcrumb":{"@id":"https:\/\/moyzeska.sk\/index.php\/okruhy-tem-pre-prijimacie-skusky-na-sk-rok-2024-2025\/#breadcrumb"},"inLanguage":"sk-SK","potentialAction":[{"@type":"ReadAction","target":["https:\/\/moyzeska.sk\/index.php\/okruhy-tem-pre-prijimacie-skusky-na-sk-rok-2024-2025\/"]}]},{"@type":"BreadcrumbList","@id":"https:\/\/moyzeska.sk\/index.php\/okruhy-tem-pre-prijimacie-skusky-na-sk-rok-2024-2025\/#breadcrumb","itemListElement":[{"@type":"ListItem","position":1,"name":"Home","item":"https:\/\/moyzeska.sk\/"},{"@type":"ListItem","position":2,"name":"Okruhy t\u00e9m pre 4-ro\u010dn\u00e9 denn\u00e9 \u0161t\u00fadium"}]},{"@type":"WebSite","@id":"https:\/\/moyzeska.sk\/#website","url":"https:\/\/moyzeska.sk\/","name":"Stredn\u00e1 zdravotn\u00edcka \u0161kola, Moyzesova 17, Ko\u0161ice","description":"","publisher":{"@id":"https:\/\/moyzeska.sk\/#organization"},"potentialAction":[{"@type":"SearchAction","target":{"@type":"EntryPoint","urlTemplate":"https:\/\/moyzeska.sk\/?s={search_term_string}"},"query-input":"required name=search_term_string"}],"inLanguage":"sk-SK"},{"@type":"Organization","@id":"https:\/\/moyzeska.sk\/#organization","name":"Stredn\u00e1 zdravotn\u00edcka \u0161kola, Moyzesova 17, Ko\u0161ice","url":"https:\/\/moyzeska.sk\/","logo":{"@type":"ImageObject","inLanguage":"sk-SK","@id":"https:\/\/moyzeska.sk\/#\/schema\/logo\/image\/","url":"https:\/\/moyzeska.sk\/wp-content\/uploads\/2020\/09\/SZS-logo.png","contentUrl":"https:\/\/moyzeska.sk\/wp-content\/uploads\/2020\/09\/SZS-logo.png","width":300,"height":300,"caption":"Stredn\u00e1 zdravotn\u00edcka \u0161kola, Moyzesova 17, Ko\u0161ice"},"image":{"@id":"https:\/\/moyzeska.sk\/#\/schema\/logo\/image\/"},"sameAs":["https:\/\/www.facebook.com\/Moyzeska","https:\/\/www.instagram.com\/moyzeska\/"]}]}},"_links":{"self":[{"href":"https:\/\/moyzeska.sk\/index.php\/wp-json\/wp\/v2\/pages\/3581"}],"collection":[{"href":"https:\/\/moyzeska.sk\/index.php\/wp-json\/wp\/v2\/pages"}],"about":[{"href":"https:\/\/moyzeska.sk\/index.php\/wp-json\/wp\/v2\/types\/page"}],"author":[{"embeddable":true,"href":"https:\/\/moyzeska.sk\/index.php\/wp-json\/wp\/v2\/users\/1"}],"replies":[{"embeddable":true,"href":"https:\/\/moyzeska.sk\/index.php\/wp-json\/wp\/v2\/comments?post=3581"}],"version-history":[{"count":6,"href":"https:\/\/moyzeska.sk\/index.php\/wp-json\/wp\/v2\/pages\/3581\/revisions"}],"predecessor-version":[{"id":5603,"href":"https:\/\/moyzeska.sk\/index.php\/wp-json\/wp\/v2\/pages\/3581\/revisions\/5603"}],"wp:attachment":[{"href":"https:\/\/moyzeska.sk\/index.php\/wp-json\/wp\/v2\/media?parent=3581"}],"curies":[{"name":"wp","href":"https:\/\/api.w.org\/{rel}","templated":true}]}}