{"id":2850,"date":"2021-06-04T08:31:15","date_gmt":"2021-06-04T06:31:15","guid":{"rendered":"https:\/\/moyzeska.sk\/?page_id=2850"},"modified":"2021-06-04T08:31:16","modified_gmt":"2021-06-04T06:31:16","slug":"hviezdoslavov-kubin-skolske-kolo","status":"publish","type":"page","link":"https:\/\/moyzeska.sk\/index.php\/hviezdoslavov-kubin-skolske-kolo\/","title":{"rendered":"Hviezdoslavov Kub\u00edn &#8211; \u0161kolsk\u00e9 kolo"},"content":{"rendered":"\n<p>S\u00fa\u0165a\u017e v umeleckom prednese po\u00e9zie a pr\u00f3zy (15. apr\u00edl 2021).<\/p>\n\n\n\n<p><strong>Kateg\u00f3ria \u2013 po\u00e9zia<\/strong><\/p>\n\n\n\n<ol type=\"1\"><li><em>Ema Mitrov\u00e1 (III.FL)<\/em><\/li><li><em>Silvia Krompask\u00e1 (I.OO\/AV), Nat\u00e1lia Beerov\u00e1 (II.ZuA)<\/em><\/li><li><em>Paula Horv\u00e1thov\u00e1 (I.FL), Miriam N\u00e9methov\u00e1 (II.AV)<\/em><\/li><\/ol>\n\n\n\n<p><strong>\u0160peci\u00e1lna kateg\u00f3ria \u2013 po\u00e9zia <strong>\u2013<\/strong> vlastn\u00e1 tvorba<\/strong><\/p>\n\n\n\n<ol type=\"1\"><li><em>Ter\u00e9zia Nazarejov\u00e1 (II.OO)<\/em><\/li><\/ol>\n\n\n\n<p><strong>Kateg\u00f3ria \u2013 pr\u00f3za<\/strong><\/p>\n\n\n\n<ol type=\"1\"><li><em>Vikt\u00f3ria Majer\u010d\u00e1kov\u00e1 (II.ZuA<\/em>)<\/li><li><em>Teodor Dubay \u2013 (II.ZLA<\/em>)<\/li><\/ol>\n\n\n\n<p><strong>Srde\u010dne blaho\u017eel\u00e1me, boli ste vynikaj\u00faci !<\/strong><\/p>\n\n\n\n<p>Do region\u00e1lneho kola postupuj\u00fa: <em>Ema Mitrov\u00e1 (po\u00e9zia)<\/em> a <em>Vikt\u00f3ria Majer\u010d\u00e1kov\u00e1 (pr\u00f3za)<\/em><\/p>\n","protected":false},"excerpt":{"rendered":"<p>S\u00fa\u0165a\u017e v umeleckom prednese po\u00e9zie a pr\u00f3zy (15. apr\u00edl 2021). Kateg\u00f3ria \u2013 po\u00e9zia Ema Mitrov\u00e1 (III.FL) Silvia Krompask\u00e1 (I.OO\/AV), Nat\u00e1lia Beerov\u00e1 (II.ZuA) Paula Horv\u00e1thov\u00e1 (I.FL), Miriam N\u00e9methov\u00e1 (II.AV) \u0160peci\u00e1lna kateg\u00f3ria \u2013 po\u00e9zia \u2013 vlastn\u00e1 tvorba Ter\u00e9zia Nazarejov\u00e1 (II.OO) Kateg\u00f3ria \u2013 pr\u00f3za Vikt\u00f3ria Majer\u010d\u00e1kov\u00e1 (II.ZuA) Teodor Dubay \u2013 (II.ZLA) Srde\u010dne blaho\u017eel\u00e1me, boli ste vynikaj\u00faci ! Do &hellip;<br \/><a href=\"https:\/\/moyzeska.sk\/index.php\/hviezdoslavov-kubin-skolske-kolo\/\" class=\"more-link pen_button pen_element_default pen_icon_arrow_double\">Zobrazi\u0165<\/a><\/p>\n","protected":false},"author":1,"featured_media":0,"parent":0,"menu_order":0,"comment_status":"closed","ping_status":"closed","template":"","meta":{"_monsterinsights_skip_tracking":false,"_monsterinsights_sitenote_active":false,"_monsterinsights_sitenote_note":"","_monsterinsights_sitenote_category":0},"yoast_head":"<!-- This site is optimized with the Yoast SEO plugin v21.8.1 - https:\/\/yoast.com\/wordpress\/plugins\/seo\/ -->\n<title>Hviezdoslavov Kub\u00edn - \u0161kolsk\u00e9 kolo - Stredn\u00e1 zdravotn\u00edcka \u0161kola, Moyzesova 17, Ko\u0161ice<\/title>\n<meta name=\"robots\" content=\"index, follow, max-snippet:-1, max-image-preview:large, max-video-preview:-1\" \/>\n<link rel=\"canonical\" href=\"https:\/\/moyzeska.sk\/index.php\/hviezdoslavov-kubin-skolske-kolo\/\" \/>\n<meta property=\"og:locale\" content=\"sk_SK\" \/>\n<meta property=\"og:type\" content=\"article\" \/>\n<meta property=\"og:title\" content=\"Hviezdoslavov Kub\u00edn - \u0161kolsk\u00e9 kolo - Stredn\u00e1 zdravotn\u00edcka \u0161kola, Moyzesova 17, Ko\u0161ice\" \/>\n<meta property=\"og:description\" content=\"S\u00fa\u0165a\u017e v umeleckom prednese po\u00e9zie a pr\u00f3zy (15. apr\u00edl 2021). Kateg\u00f3ria \u2013 po\u00e9zia Ema Mitrov\u00e1 (III.FL) Silvia Krompask\u00e1 (I.OO\/AV), Nat\u00e1lia Beerov\u00e1 (II.ZuA) Paula Horv\u00e1thov\u00e1 (I.FL), Miriam N\u00e9methov\u00e1 (II.AV) \u0160peci\u00e1lna kateg\u00f3ria \u2013 po\u00e9zia \u2013 vlastn\u00e1 tvorba Ter\u00e9zia Nazarejov\u00e1 (II.OO) Kateg\u00f3ria \u2013 pr\u00f3za Vikt\u00f3ria Majer\u010d\u00e1kov\u00e1 (II.ZuA) Teodor Dubay \u2013 (II.ZLA) Srde\u010dne blaho\u017eel\u00e1me, boli ste vynikaj\u00faci ! Do &hellip;Zobrazi\u0165\" \/>\n<meta property=\"og:url\" content=\"https:\/\/moyzeska.sk\/index.php\/hviezdoslavov-kubin-skolske-kolo\/\" \/>\n<meta property=\"og:site_name\" content=\"Stredn\u00e1 zdravotn\u00edcka \u0161kola, Moyzesova 17, Ko\u0161ice\" \/>\n<meta property=\"article:publisher\" content=\"https:\/\/www.facebook.com\/Moyzeska\" \/>\n<meta property=\"article:modified_time\" content=\"2021-06-04T06:31:16+00:00\" \/>\n<meta name=\"twitter:card\" content=\"summary_large_image\" \/>\n<meta name=\"twitter:label1\" content=\"Predpokladan\u00fd \u010das \u010d\u00edtania\" \/>\n\t<meta name=\"twitter:data1\" content=\"1 min\u00fata\" \/>\n<script type=\"application\/ld+json\" class=\"yoast-schema-graph\">{\"@context\":\"https:\/\/schema.org\",\"@graph\":[{\"@type\":\"WebPage\",\"@id\":\"https:\/\/moyzeska.sk\/index.php\/hviezdoslavov-kubin-skolske-kolo\/\",\"url\":\"https:\/\/moyzeska.sk\/index.php\/hviezdoslavov-kubin-skolske-kolo\/\",\"name\":\"Hviezdoslavov Kub\u00edn - \u0161kolsk\u00e9 kolo - Stredn\u00e1 zdravotn\u00edcka \u0161kola, Moyzesova 17, Ko\u0161ice\",\"isPartOf\":{\"@id\":\"https:\/\/moyzeska.sk\/#website\"},\"datePublished\":\"2021-06-04T06:31:15+00:00\",\"dateModified\":\"2021-06-04T06:31:16+00:00\",\"breadcrumb\":{\"@id\":\"https:\/\/moyzeska.sk\/index.php\/hviezdoslavov-kubin-skolske-kolo\/#breadcrumb\"},\"inLanguage\":\"sk-SK\",\"potentialAction\":[{\"@type\":\"ReadAction\",\"target\":[\"https:\/\/moyzeska.sk\/index.php\/hviezdoslavov-kubin-skolske-kolo\/\"]}]},{\"@type\":\"BreadcrumbList\",\"@id\":\"https:\/\/moyzeska.sk\/index.php\/hviezdoslavov-kubin-skolske-kolo\/#breadcrumb\",\"itemListElement\":[{\"@type\":\"ListItem\",\"position\":1,\"name\":\"Home\",\"item\":\"https:\/\/moyzeska.sk\/\"},{\"@type\":\"ListItem\",\"position\":2,\"name\":\"Hviezdoslavov Kub\u00edn &#8211; \u0161kolsk\u00e9 kolo\"}]},{\"@type\":\"WebSite\",\"@id\":\"https:\/\/moyzeska.sk\/#website\",\"url\":\"https:\/\/moyzeska.sk\/\",\"name\":\"Stredn\u00e1 zdravotn\u00edcka \u0161kola, Moyzesova 17, Ko\u0161ice\",\"description\":\"\",\"publisher\":{\"@id\":\"https:\/\/moyzeska.sk\/#organization\"},\"potentialAction\":[{\"@type\":\"SearchAction\",\"target\":{\"@type\":\"EntryPoint\",\"urlTemplate\":\"https:\/\/moyzeska.sk\/?s={search_term_string}\"},\"query-input\":\"required name=search_term_string\"}],\"inLanguage\":\"sk-SK\"},{\"@type\":\"Organization\",\"@id\":\"https:\/\/moyzeska.sk\/#organization\",\"name\":\"Stredn\u00e1 zdravotn\u00edcka \u0161kola, Moyzesova 17, Ko\u0161ice\",\"url\":\"https:\/\/moyzeska.sk\/\",\"logo\":{\"@type\":\"ImageObject\",\"inLanguage\":\"sk-SK\",\"@id\":\"https:\/\/moyzeska.sk\/#\/schema\/logo\/image\/\",\"url\":\"https:\/\/moyzeska.sk\/wp-content\/uploads\/2020\/09\/SZS-logo.png\",\"contentUrl\":\"https:\/\/moyzeska.sk\/wp-content\/uploads\/2020\/09\/SZS-logo.png\",\"width\":300,\"height\":300,\"caption\":\"Stredn\u00e1 zdravotn\u00edcka \u0161kola, Moyzesova 17, Ko\u0161ice\"},\"image\":{\"@id\":\"https:\/\/moyzeska.sk\/#\/schema\/logo\/image\/\"},\"sameAs\":[\"https:\/\/www.facebook.com\/Moyzeska\",\"https:\/\/www.instagram.com\/moyzeska\/\"]}]}<\/script>\n<!-- \/ Yoast SEO plugin. -->","yoast_head_json":{"title":"Hviezdoslavov Kub\u00edn - \u0161kolsk\u00e9 kolo - Stredn\u00e1 zdravotn\u00edcka \u0161kola, Moyzesova 17, Ko\u0161ice","robots":{"index":"index","follow":"follow","max-snippet":"max-snippet:-1","max-image-preview":"max-image-preview:large","max-video-preview":"max-video-preview:-1"},"canonical":"https:\/\/moyzeska.sk\/index.php\/hviezdoslavov-kubin-skolske-kolo\/","og_locale":"sk_SK","og_type":"article","og_title":"Hviezdoslavov Kub\u00edn - \u0161kolsk\u00e9 kolo - Stredn\u00e1 zdravotn\u00edcka \u0161kola, Moyzesova 17, Ko\u0161ice","og_description":"S\u00fa\u0165a\u017e v umeleckom prednese po\u00e9zie a pr\u00f3zy (15. apr\u00edl 2021). Kateg\u00f3ria \u2013 po\u00e9zia Ema Mitrov\u00e1 (III.FL) Silvia Krompask\u00e1 (I.OO\/AV), Nat\u00e1lia Beerov\u00e1 (II.ZuA) Paula Horv\u00e1thov\u00e1 (I.FL), Miriam N\u00e9methov\u00e1 (II.AV) \u0160peci\u00e1lna kateg\u00f3ria \u2013 po\u00e9zia \u2013 vlastn\u00e1 tvorba Ter\u00e9zia Nazarejov\u00e1 (II.OO) Kateg\u00f3ria \u2013 pr\u00f3za Vikt\u00f3ria Majer\u010d\u00e1kov\u00e1 (II.ZuA) Teodor Dubay \u2013 (II.ZLA) Srde\u010dne blaho\u017eel\u00e1me, boli ste vynikaj\u00faci ! Do &hellip;Zobrazi\u0165","og_url":"https:\/\/moyzeska.sk\/index.php\/hviezdoslavov-kubin-skolske-kolo\/","og_site_name":"Stredn\u00e1 zdravotn\u00edcka \u0161kola, Moyzesova 17, Ko\u0161ice","article_publisher":"https:\/\/www.facebook.com\/Moyzeska","article_modified_time":"2021-06-04T06:31:16+00:00","twitter_card":"summary_large_image","twitter_misc":{"Predpokladan\u00fd \u010das \u010d\u00edtania":"1 min\u00fata"},"schema":{"@context":"https:\/\/schema.org","@graph":[{"@type":"WebPage","@id":"https:\/\/moyzeska.sk\/index.php\/hviezdoslavov-kubin-skolske-kolo\/","url":"https:\/\/moyzeska.sk\/index.php\/hviezdoslavov-kubin-skolske-kolo\/","name":"Hviezdoslavov Kub\u00edn - \u0161kolsk\u00e9 kolo - Stredn\u00e1 zdravotn\u00edcka \u0161kola, Moyzesova 17, Ko\u0161ice","isPartOf":{"@id":"https:\/\/moyzeska.sk\/#website"},"datePublished":"2021-06-04T06:31:15+00:00","dateModified":"2021-06-04T06:31:16+00:00","breadcrumb":{"@id":"https:\/\/moyzeska.sk\/index.php\/hviezdoslavov-kubin-skolske-kolo\/#breadcrumb"},"inLanguage":"sk-SK","potentialAction":[{"@type":"ReadAction","target":["https:\/\/moyzeska.sk\/index.php\/hviezdoslavov-kubin-skolske-kolo\/"]}]},{"@type":"BreadcrumbList","@id":"https:\/\/moyzeska.sk\/index.php\/hviezdoslavov-kubin-skolske-kolo\/#breadcrumb","itemListElement":[{"@type":"ListItem","position":1,"name":"Home","item":"https:\/\/moyzeska.sk\/"},{"@type":"ListItem","position":2,"name":"Hviezdoslavov Kub\u00edn &#8211; \u0161kolsk\u00e9 kolo"}]},{"@type":"WebSite","@id":"https:\/\/moyzeska.sk\/#website","url":"https:\/\/moyzeska.sk\/","name":"Stredn\u00e1 zdravotn\u00edcka \u0161kola, Moyzesova 17, Ko\u0161ice","description":"","publisher":{"@id":"https:\/\/moyzeska.sk\/#organization"},"potentialAction":[{"@type":"SearchAction","target":{"@type":"EntryPoint","urlTemplate":"https:\/\/moyzeska.sk\/?s={search_term_string}"},"query-input":"required name=search_term_string"}],"inLanguage":"sk-SK"},{"@type":"Organization","@id":"https:\/\/moyzeska.sk\/#organization","name":"Stredn\u00e1 zdravotn\u00edcka \u0161kola, Moyzesova 17, Ko\u0161ice","url":"https:\/\/moyzeska.sk\/","logo":{"@type":"ImageObject","inLanguage":"sk-SK","@id":"https:\/\/moyzeska.sk\/#\/schema\/logo\/image\/","url":"https:\/\/moyzeska.sk\/wp-content\/uploads\/2020\/09\/SZS-logo.png","contentUrl":"https:\/\/moyzeska.sk\/wp-content\/uploads\/2020\/09\/SZS-logo.png","width":300,"height":300,"caption":"Stredn\u00e1 zdravotn\u00edcka \u0161kola, Moyzesova 17, Ko\u0161ice"},"image":{"@id":"https:\/\/moyzeska.sk\/#\/schema\/logo\/image\/"},"sameAs":["https:\/\/www.facebook.com\/Moyzeska","https:\/\/www.instagram.com\/moyzeska\/"]}]}},"_links":{"self":[{"href":"https:\/\/moyzeska.sk\/index.php\/wp-json\/wp\/v2\/pages\/2850"}],"collection":[{"href":"https:\/\/moyzeska.sk\/index.php\/wp-json\/wp\/v2\/pages"}],"about":[{"href":"https:\/\/moyzeska.sk\/index.php\/wp-json\/wp\/v2\/types\/page"}],"author":[{"embeddable":true,"href":"https:\/\/moyzeska.sk\/index.php\/wp-json\/wp\/v2\/users\/1"}],"replies":[{"embeddable":true,"href":"https:\/\/moyzeska.sk\/index.php\/wp-json\/wp\/v2\/comments?post=2850"}],"version-history":[{"count":4,"href":"https:\/\/moyzeska.sk\/index.php\/wp-json\/wp\/v2\/pages\/2850\/revisions"}],"predecessor-version":[{"id":2854,"href":"https:\/\/moyzeska.sk\/index.php\/wp-json\/wp\/v2\/pages\/2850\/revisions\/2854"}],"wp:attachment":[{"href":"https:\/\/moyzeska.sk\/index.php\/wp-json\/wp\/v2\/media?parent=2850"}],"curies":[{"name":"wp","href":"https:\/\/api.w.org\/{rel}","templated":true}]}}