{"id":104,"date":"2020-09-29T10:10:41","date_gmt":"2020-09-29T08:10:41","guid":{"rendered":"http:\/\/moyzeska.sk\/?page_id=104"},"modified":"2020-09-29T11:11:54","modified_gmt":"2020-09-29T09:11:54","slug":"dolezite-datumy","status":"publish","type":"page","link":"https:\/\/moyzeska.sk\/index.php\/dolezite-datumy\/","title":{"rendered":"D\u00f4le\u017eit\u00e9 d\u00e1tumy"},"content":{"rendered":"\n<ul><li><em>1. septembra 1949<\/em>\u00a0bola zriaden\u00e1 Vy\u0161\u0161ia soci\u00e1lno-zdravotn\u00e1 \u0161kola v Ko\u0161iciach v budove na Kov\u00e1\u010dskej ulici \u010d. 30, kde boli triedy odboru zubn\u00fd laborant.<\/li><li><em>V \u0161kolskom roku 1950\/51\u00a0<\/em>men\u00ed sa n\u00e1zov \u0161koly na Zdravotn\u00edcka \u0161kola s odbormi:<br>zdravotn\u00e1 sestra, zubn\u00fd laborant, zdravotn\u00edcky laborant.<\/li><li><em>V \u0161kolskom roku 1952\/53<\/em>\u00a0bol otvoren\u00fd \u010fal\u0161\u00ed odbor detsk\u00e1 sestra.<\/li><li><em>V \u0161kolskom roku 1955\/56\u00a0<\/em>v\u00fdnosom Ministerstva zdravotn\u00edctva prech\u00e1dzaj\u00fa v\u0161etky odbory na \u0161tvorro\u010dn\u00e9 \u0161t\u00fadium, kedy bol tie\u017e aktivovan\u00fd odbor p\u00f4rodn\u00fdch asistentiek.<\/li><li><em>V \u0161kolskom roku 1956\/57<\/em>\u00a0bola zriaden\u00e1 trieda dvojro\u010dn\u00e9ho nadstavbov\u00e9ho \u0161t\u00fadia v odbore zdravotn\u00fd laborant a v nasleduj\u00facich rokoch aj odbor zdravotn\u00e1 sestra.<\/li><li><em>V \u0161kolskom roku 1961\/62<\/em>\u00a0dost\u00e1va \u0161kola n\u00e1zov Stredn\u00e1 zdravotn\u00edcka \u0161kola v Ko\u0161iciach, kedy z\u00e1rove\u0148 pribudol dvojro\u010dn\u00e9 nadstavbov\u00e9 \u0161t\u00fadium v odbore r\u00f6ntgenov\u00fd laborant.<\/li><li><em>V \u0161kolskom roku 1962\/63\u00a0<\/em>\u0161kola zmenila s\u00eddlo na Moyzesovu ul. \u010d.17. Ako dvojro\u010dn\u00e9 nadstavbov\u00e9 \u0161t\u00fadium bol aktivovan\u00fd odbor sanit\u00e1rni pracovn\u00edci.<\/li><li><em>V \u0161kolskom roku 1965\/66<\/em>\u00a0bolo zaveden\u00e9 \u0161tvorro\u010dn\u00e9 \u0161t\u00fadium v odbore lek\u00e1rensk\u00fd laborant<br>a\u00a0<em>v \u0161kolskom roku 1968\/69\u00a0<\/em>\u0161tvorro\u010dn\u00e9 \u0161t\u00fadium v odbore rehabilita\u010dn\u00fd pracovn\u00edk.<\/li><li><em>V \u0161kolskom roku 1972\/73<\/em>\u00a0sa zmenil n\u00e1zov \u0161koly na Krajsk\u00e1 stredn\u00e1 zdravotn\u00edcka \u0161kola v Ko\u0161iciach a rozhodnut\u00edm Ministerstva zdravotn\u00edctva bola \u0161kola poveren\u00e1 vykon\u00e1va\u0165 metodick\u00e9 vedenie zdravotn\u00edckych \u0161k\u00f4l vo V\u00fdchodoslovenskom kraji.<\/li><li><em>V \u0161kolskom roku 1982\/83\u00a0<\/em>\u0161kola op\u00e4\u0165 zmenila n\u00e1zov na Stredn\u00e1 zdravotn\u00edcka \u0161kola v Ko\u0161iciach.<\/li><li><em>1.septembra 1988<\/em>\u00a0 sa \u0161kola rozdelila na dve samostatn\u00e9 zdravotn\u00edcke \u0161koly so s\u00eddlom<br>na Moyzesovej ul. \u010d. 17\u00a0 a\u00a0 Kuku\u010d\u00ednovej ul. \u010d. 40. \u0160kolsk\u00fdm rokom 1988\/89 \u0161kola za\u010dala p\u00edsa\u0165 nov\u00fa hist\u00f3riu.<\/li><li>Vo febru\u00e1ri 1991 bol zru\u0161en\u00fd K\u00daNZ, pod ktor\u00fd bola \u0161kola za\u010dlenen\u00e1. Zria\u010fovacou listinou vydanou MZ z 18. 12. 1990 s \u00fa\u010dinnos\u0165ou od\u00a0<em>1. 1. 1991<\/em>\u00a0\u0161kola nadobudla pr\u00e1vnu subjektivitu ako \u0161t\u00e1tna rozpo\u010dtov\u00e1 organiz\u00e1cia s n\u00e1zvom Stredn\u00e1 zdravotn\u00edcka \u0161kola, Moyzesova ul. \u010d. 17. Najvy\u0161\u0161\u00edm riadiacim subjektom bolo do 1. 6. 2002 Ministerstvo zdravotn\u00edctva SR.<\/li><li>Zria\u010fovacou listinou vydanou predsedom KSK s \u00fa\u010dinnos\u0165ou od\u00a0<em>1. 7. 2002<\/em>\u00a0s n\u00e1zvom Stredn\u00e1 zdravotn\u00edcka \u0161kola Ko\u0161ice sa zria\u010fovate\u013eom \u0161koly stal KSK.<\/li><li>Mimoriadnou listinou z\u00a0<em>17. 02. 2009<\/em>\u00a0zmenil KSK n\u00e1zov \u0161koly na Stredn\u00e1 odborn\u00e1 \u0161kola zdravotn\u00edcka, Moyzesova 17, Ko\u0161ice.<\/li><li>Od d\u0148a\u00a0<em>30. 10. 2009<\/em>\u00a0m\u00e1 \u0161kola nov\u00fa zria\u010fovaciu listinu ako rozpo\u010dtov\u00e1 organiz\u00e1cia\u00a0KSK pod n\u00e1zvom Stredn\u00e1 zdravotn\u00edcka \u0161kola, Moyzesova 17, Ko\u0161ice.<\/li><\/ul>\n","protected":false},"excerpt":{"rendered":"<p>1. septembra 1949\u00a0bola zriaden\u00e1 Vy\u0161\u0161ia soci\u00e1lno-zdravotn\u00e1 \u0161kola v Ko\u0161iciach v budove na Kov\u00e1\u010dskej ulici \u010d. 30, kde boli triedy odboru zubn\u00fd laborant. V \u0161kolskom roku 1950\/51\u00a0men\u00ed sa n\u00e1zov \u0161koly na Zdravotn\u00edcka \u0161kola s odbormi:zdravotn\u00e1 sestra, zubn\u00fd laborant, zdravotn\u00edcky laborant. V \u0161kolskom roku 1952\/53\u00a0bol otvoren\u00fd \u010fal\u0161\u00ed odbor detsk\u00e1 sestra. V \u0161kolskom roku 1955\/56\u00a0v\u00fdnosom Ministerstva zdravotn\u00edctva prech\u00e1dzaj\u00fa &hellip;<br \/><a href=\"https:\/\/moyzeska.sk\/index.php\/dolezite-datumy\/\" class=\"more-link pen_button pen_element_default pen_icon_arrow_double\">Zobrazi\u0165<\/a><\/p>\n","protected":false},"author":1,"featured_media":0,"parent":0,"menu_order":0,"comment_status":"closed","ping_status":"closed","template":"","meta":{"_monsterinsights_skip_tracking":false,"_monsterinsights_sitenote_active":false,"_monsterinsights_sitenote_note":"","_monsterinsights_sitenote_category":0},"yoast_head":"<!-- This site is optimized with the Yoast SEO plugin v21.8.1 - https:\/\/yoast.com\/wordpress\/plugins\/seo\/ -->\n<title>D\u00f4le\u017eit\u00e9 d\u00e1tumy - Stredn\u00e1 zdravotn\u00edcka \u0161kola, Moyzesova 17, Ko\u0161ice<\/title>\n<meta name=\"robots\" content=\"index, follow, max-snippet:-1, max-image-preview:large, max-video-preview:-1\" \/>\n<link rel=\"canonical\" href=\"https:\/\/moyzeska.sk\/index.php\/dolezite-datumy\/\" \/>\n<meta property=\"og:locale\" content=\"sk_SK\" \/>\n<meta property=\"og:type\" content=\"article\" \/>\n<meta property=\"og:title\" content=\"D\u00f4le\u017eit\u00e9 d\u00e1tumy - Stredn\u00e1 zdravotn\u00edcka \u0161kola, Moyzesova 17, Ko\u0161ice\" \/>\n<meta property=\"og:description\" content=\"1. septembra 1949\u00a0bola zriaden\u00e1 Vy\u0161\u0161ia soci\u00e1lno-zdravotn\u00e1 \u0161kola v Ko\u0161iciach v budove na Kov\u00e1\u010dskej ulici \u010d. 30, kde boli triedy odboru zubn\u00fd laborant. V \u0161kolskom roku 1950\/51\u00a0men\u00ed sa n\u00e1zov \u0161koly na Zdravotn\u00edcka \u0161kola s odbormi:zdravotn\u00e1 sestra, zubn\u00fd laborant, zdravotn\u00edcky laborant. V \u0161kolskom roku 1952\/53\u00a0bol otvoren\u00fd \u010fal\u0161\u00ed odbor detsk\u00e1 sestra. V \u0161kolskom roku 1955\/56\u00a0v\u00fdnosom Ministerstva zdravotn\u00edctva prech\u00e1dzaj\u00fa &hellip;Zobrazi\u0165\" \/>\n<meta property=\"og:url\" content=\"https:\/\/moyzeska.sk\/index.php\/dolezite-datumy\/\" \/>\n<meta property=\"og:site_name\" content=\"Stredn\u00e1 zdravotn\u00edcka \u0161kola, Moyzesova 17, Ko\u0161ice\" \/>\n<meta property=\"article:publisher\" content=\"https:\/\/www.facebook.com\/Moyzeska\" \/>\n<meta property=\"article:modified_time\" content=\"2020-09-29T09:11:54+00:00\" \/>\n<meta name=\"twitter:card\" content=\"summary_large_image\" \/>\n<meta name=\"twitter:label1\" content=\"Predpokladan\u00fd \u010das \u010d\u00edtania\" \/>\n\t<meta name=\"twitter:data1\" content=\"2 min\u00faty\" \/>\n<script type=\"application\/ld+json\" class=\"yoast-schema-graph\">{\"@context\":\"https:\/\/schema.org\",\"@graph\":[{\"@type\":\"WebPage\",\"@id\":\"https:\/\/moyzeska.sk\/index.php\/dolezite-datumy\/\",\"url\":\"https:\/\/moyzeska.sk\/index.php\/dolezite-datumy\/\",\"name\":\"D\u00f4le\u017eit\u00e9 d\u00e1tumy - Stredn\u00e1 zdravotn\u00edcka \u0161kola, Moyzesova 17, Ko\u0161ice\",\"isPartOf\":{\"@id\":\"https:\/\/moyzeska.sk\/#website\"},\"datePublished\":\"2020-09-29T08:10:41+00:00\",\"dateModified\":\"2020-09-29T09:11:54+00:00\",\"breadcrumb\":{\"@id\":\"https:\/\/moyzeska.sk\/index.php\/dolezite-datumy\/#breadcrumb\"},\"inLanguage\":\"sk-SK\",\"potentialAction\":[{\"@type\":\"ReadAction\",\"target\":[\"https:\/\/moyzeska.sk\/index.php\/dolezite-datumy\/\"]}]},{\"@type\":\"BreadcrumbList\",\"@id\":\"https:\/\/moyzeska.sk\/index.php\/dolezite-datumy\/#breadcrumb\",\"itemListElement\":[{\"@type\":\"ListItem\",\"position\":1,\"name\":\"Home\",\"item\":\"https:\/\/moyzeska.sk\/\"},{\"@type\":\"ListItem\",\"position\":2,\"name\":\"D\u00f4le\u017eit\u00e9 d\u00e1tumy\"}]},{\"@type\":\"WebSite\",\"@id\":\"https:\/\/moyzeska.sk\/#website\",\"url\":\"https:\/\/moyzeska.sk\/\",\"name\":\"Stredn\u00e1 zdravotn\u00edcka \u0161kola, Moyzesova 17, Ko\u0161ice\",\"description\":\"\",\"publisher\":{\"@id\":\"https:\/\/moyzeska.sk\/#organization\"},\"potentialAction\":[{\"@type\":\"SearchAction\",\"target\":{\"@type\":\"EntryPoint\",\"urlTemplate\":\"https:\/\/moyzeska.sk\/?s={search_term_string}\"},\"query-input\":\"required name=search_term_string\"}],\"inLanguage\":\"sk-SK\"},{\"@type\":\"Organization\",\"@id\":\"https:\/\/moyzeska.sk\/#organization\",\"name\":\"Stredn\u00e1 zdravotn\u00edcka \u0161kola, Moyzesova 17, Ko\u0161ice\",\"url\":\"https:\/\/moyzeska.sk\/\",\"logo\":{\"@type\":\"ImageObject\",\"inLanguage\":\"sk-SK\",\"@id\":\"https:\/\/moyzeska.sk\/#\/schema\/logo\/image\/\",\"url\":\"https:\/\/moyzeska.sk\/wp-content\/uploads\/2020\/09\/SZS-logo.png\",\"contentUrl\":\"https:\/\/moyzeska.sk\/wp-content\/uploads\/2020\/09\/SZS-logo.png\",\"width\":300,\"height\":300,\"caption\":\"Stredn\u00e1 zdravotn\u00edcka \u0161kola, Moyzesova 17, Ko\u0161ice\"},\"image\":{\"@id\":\"https:\/\/moyzeska.sk\/#\/schema\/logo\/image\/\"},\"sameAs\":[\"https:\/\/www.facebook.com\/Moyzeska\",\"https:\/\/www.instagram.com\/moyzeska\/\"]}]}<\/script>\n<!-- \/ Yoast SEO plugin. -->","yoast_head_json":{"title":"D\u00f4le\u017eit\u00e9 d\u00e1tumy - Stredn\u00e1 zdravotn\u00edcka \u0161kola, Moyzesova 17, Ko\u0161ice","robots":{"index":"index","follow":"follow","max-snippet":"max-snippet:-1","max-image-preview":"max-image-preview:large","max-video-preview":"max-video-preview:-1"},"canonical":"https:\/\/moyzeska.sk\/index.php\/dolezite-datumy\/","og_locale":"sk_SK","og_type":"article","og_title":"D\u00f4le\u017eit\u00e9 d\u00e1tumy - Stredn\u00e1 zdravotn\u00edcka \u0161kola, Moyzesova 17, Ko\u0161ice","og_description":"1. septembra 1949\u00a0bola zriaden\u00e1 Vy\u0161\u0161ia soci\u00e1lno-zdravotn\u00e1 \u0161kola v Ko\u0161iciach v budove na Kov\u00e1\u010dskej ulici \u010d. 30, kde boli triedy odboru zubn\u00fd laborant. V \u0161kolskom roku 1950\/51\u00a0men\u00ed sa n\u00e1zov \u0161koly na Zdravotn\u00edcka \u0161kola s odbormi:zdravotn\u00e1 sestra, zubn\u00fd laborant, zdravotn\u00edcky laborant. V \u0161kolskom roku 1952\/53\u00a0bol otvoren\u00fd \u010fal\u0161\u00ed odbor detsk\u00e1 sestra. V \u0161kolskom roku 1955\/56\u00a0v\u00fdnosom Ministerstva zdravotn\u00edctva prech\u00e1dzaj\u00fa &hellip;Zobrazi\u0165","og_url":"https:\/\/moyzeska.sk\/index.php\/dolezite-datumy\/","og_site_name":"Stredn\u00e1 zdravotn\u00edcka \u0161kola, Moyzesova 17, Ko\u0161ice","article_publisher":"https:\/\/www.facebook.com\/Moyzeska","article_modified_time":"2020-09-29T09:11:54+00:00","twitter_card":"summary_large_image","twitter_misc":{"Predpokladan\u00fd \u010das \u010d\u00edtania":"2 min\u00faty"},"schema":{"@context":"https:\/\/schema.org","@graph":[{"@type":"WebPage","@id":"https:\/\/moyzeska.sk\/index.php\/dolezite-datumy\/","url":"https:\/\/moyzeska.sk\/index.php\/dolezite-datumy\/","name":"D\u00f4le\u017eit\u00e9 d\u00e1tumy - Stredn\u00e1 zdravotn\u00edcka \u0161kola, Moyzesova 17, Ko\u0161ice","isPartOf":{"@id":"https:\/\/moyzeska.sk\/#website"},"datePublished":"2020-09-29T08:10:41+00:00","dateModified":"2020-09-29T09:11:54+00:00","breadcrumb":{"@id":"https:\/\/moyzeska.sk\/index.php\/dolezite-datumy\/#breadcrumb"},"inLanguage":"sk-SK","potentialAction":[{"@type":"ReadAction","target":["https:\/\/moyzeska.sk\/index.php\/dolezite-datumy\/"]}]},{"@type":"BreadcrumbList","@id":"https:\/\/moyzeska.sk\/index.php\/dolezite-datumy\/#breadcrumb","itemListElement":[{"@type":"ListItem","position":1,"name":"Home","item":"https:\/\/moyzeska.sk\/"},{"@type":"ListItem","position":2,"name":"D\u00f4le\u017eit\u00e9 d\u00e1tumy"}]},{"@type":"WebSite","@id":"https:\/\/moyzeska.sk\/#website","url":"https:\/\/moyzeska.sk\/","name":"Stredn\u00e1 zdravotn\u00edcka \u0161kola, Moyzesova 17, Ko\u0161ice","description":"","publisher":{"@id":"https:\/\/moyzeska.sk\/#organization"},"potentialAction":[{"@type":"SearchAction","target":{"@type":"EntryPoint","urlTemplate":"https:\/\/moyzeska.sk\/?s={search_term_string}"},"query-input":"required name=search_term_string"}],"inLanguage":"sk-SK"},{"@type":"Organization","@id":"https:\/\/moyzeska.sk\/#organization","name":"Stredn\u00e1 zdravotn\u00edcka \u0161kola, Moyzesova 17, Ko\u0161ice","url":"https:\/\/moyzeska.sk\/","logo":{"@type":"ImageObject","inLanguage":"sk-SK","@id":"https:\/\/moyzeska.sk\/#\/schema\/logo\/image\/","url":"https:\/\/moyzeska.sk\/wp-content\/uploads\/2020\/09\/SZS-logo.png","contentUrl":"https:\/\/moyzeska.sk\/wp-content\/uploads\/2020\/09\/SZS-logo.png","width":300,"height":300,"caption":"Stredn\u00e1 zdravotn\u00edcka \u0161kola, Moyzesova 17, Ko\u0161ice"},"image":{"@id":"https:\/\/moyzeska.sk\/#\/schema\/logo\/image\/"},"sameAs":["https:\/\/www.facebook.com\/Moyzeska","https:\/\/www.instagram.com\/moyzeska\/"]}]}},"_links":{"self":[{"href":"https:\/\/moyzeska.sk\/index.php\/wp-json\/wp\/v2\/pages\/104"}],"collection":[{"href":"https:\/\/moyzeska.sk\/index.php\/wp-json\/wp\/v2\/pages"}],"about":[{"href":"https:\/\/moyzeska.sk\/index.php\/wp-json\/wp\/v2\/types\/page"}],"author":[{"embeddable":true,"href":"https:\/\/moyzeska.sk\/index.php\/wp-json\/wp\/v2\/users\/1"}],"replies":[{"embeddable":true,"href":"https:\/\/moyzeska.sk\/index.php\/wp-json\/wp\/v2\/comments?post=104"}],"version-history":[{"count":3,"href":"https:\/\/moyzeska.sk\/index.php\/wp-json\/wp\/v2\/pages\/104\/revisions"}],"predecessor-version":[{"id":138,"href":"https:\/\/moyzeska.sk\/index.php\/wp-json\/wp\/v2\/pages\/104\/revisions\/138"}],"wp:attachment":[{"href":"https:\/\/moyzeska.sk\/index.php\/wp-json\/wp\/v2\/media?parent=104"}],"curies":[{"name":"wp","href":"https:\/\/api.w.org\/{rel}","templated":true}]}}