{"id":100,"date":"2020-09-29T10:10:41","date_gmt":"2020-09-29T08:10:41","guid":{"rendered":"http:\/\/moyzeska.sk\/?page_id=100"},"modified":"2026-02-10T10:30:53","modified_gmt":"2026-02-10T09:30:53","slug":"karierovy-poradca","status":"publish","type":"page","link":"https:\/\/moyzeska.sk\/index.php\/karierovy-poradca\/","title":{"rendered":"Kari\u00e9rov\u00e1 a v\u00fdchovn\u00e1 poradky\u0148a"},"content":{"rendered":"\n<h4 class=\"wp-block-heading has-text-align-center\" style=\"font-size:24px\"><em><strong>RNDr. Vikt\u00f3ria Stup\u00e1kov\u00e1, PhD.<\/strong><\/em><\/h4>\n\n\n\n<figure class=\"wp-block-table aligncenter\"><table><thead><tr><th class=\"has-text-align-center\" data-align=\"center\">E-mail<\/th><th class=\"has-text-align-center\" data-align=\"center\">Konzulta\u010dn\u00e9 hodiny<\/th><th class=\"has-text-align-center\" data-align=\"center\">Miestnos\u0165<\/th><\/tr><\/thead><tbody><tr><td class=\"has-text-align-center\" data-align=\"center\"><a href=\"mailto:stupakova.viktoria@gmail.com\"><em><u>stupakova.viktoria@gmail.com<\/u><\/em><\/a><br><em><a href=\"mailto:stupakova1@szske.eu\">stupakova1@szske.eu<\/a><\/em><\/td><td class=\"has-text-align-center\" data-align=\"center\"><em>Utorok: 12:40 &#8211; 14:20<\/em><br><em>Streda: 14:30 &#8211; 15:15<\/em><br><strong>(pr\u00edpadne pod\u013ea dohody)<\/strong><\/td><td class=\"has-text-align-center\" data-align=\"center\">Zborov\u0148a<\/td><\/tr><\/tbody><\/table><\/figure>\n\n\n\n<p class=\"has-text-align-center\"><strong><em>&#8222;Kontaktujte ma prioritne prostredn\u00edctvom spr\u00e1vy cez EduPage&#8220;<\/em><\/strong><\/p>\n\n\n\n<hr class=\"wp-block-separator has-css-opacity\"\/>\n\n\n\n<div class=\"wp-block-file\"><a id=\"wp-block-file--media-3ba66256-87c4-4948-87f7-79537d0f60ca\" href=\"https:\/\/moyzeska.sk\/wp-content\/uploads\/2025\/09\/Odkazy-na-e-prihlasky-vybranych-VS.pdf\">Odkazy-na-e-prihlasky-vybranych-VS<\/a><a href=\"https:\/\/moyzeska.sk\/wp-content\/uploads\/2025\/09\/Odkazy-na-e-prihlasky-vybranych-VS.pdf\" class=\"wp-block-file__button wp-element-button\" download aria-describedby=\"wp-block-file--media-3ba66256-87c4-4948-87f7-79537d0f60ca\">Stiahnu\u0165<\/a><\/div>\n\n\n\n<div class=\"wp-block-file\"><a id=\"wp-block-file--media-7cca69fb-3152-4423-8f6b-eea14d02c888\" href=\"https:\/\/moyzeska.sk\/wp-content\/uploads\/2025\/09\/PortalVS-informacie-pre-uchadzacov.pdf\">PortalVS-informacie-pre-uchadzacov<\/a><a href=\"https:\/\/moyzeska.sk\/wp-content\/uploads\/2025\/09\/PortalVS-informacie-pre-uchadzacov.pdf\" class=\"wp-block-file__button wp-element-button\" download aria-describedby=\"wp-block-file--media-7cca69fb-3152-4423-8f6b-eea14d02c888\">Stiahnu\u0165<\/a><\/div>\n\n\n\n<div class=\"wp-block-file\"><a id=\"wp-block-file--media-088fba06-5e76-4894-a85b-c2a727c5f25a\" href=\"https:\/\/moyzeska.sk\/wp-content\/uploads\/2025\/09\/PortalVS-interaktivny-letak.pdf\">PortalVS-interaktivny-letak<\/a><a href=\"https:\/\/moyzeska.sk\/wp-content\/uploads\/2025\/09\/PortalVS-interaktivny-letak.pdf\" class=\"wp-block-file__button wp-element-button\" download aria-describedby=\"wp-block-file--media-088fba06-5e76-4894-a85b-c2a727c5f25a\">Stiahnu\u0165<\/a><\/div>\n\n\n\n<div class=\"wp-block-file\"><a id=\"wp-block-file--media-3987f84a-87ce-4011-a7e5-0ae41157836f\" href=\"https:\/\/moyzeska.sk\/wp-content\/uploads\/2025\/09\/Postup-pri-POTVRDZOVANI-PODAVANI-a-ODOSIELANI-prihlasky.pdf\">Postup-pri-POTVRDZOVANI-PODAVANI-a-ODOSIELANI-prihlasky<\/a><a href=\"https:\/\/moyzeska.sk\/wp-content\/uploads\/2025\/09\/Postup-pri-POTVRDZOVANI-PODAVANI-a-ODOSIELANI-prihlasky.pdf\" class=\"wp-block-file__button wp-element-button\" download aria-describedby=\"wp-block-file--media-3987f84a-87ce-4011-a7e5-0ae41157836f\">Stiahnu\u0165<\/a><\/div>\n\n\n\n<div class=\"wp-block-file\"><a id=\"wp-block-file--media-bf5e6218-ff1f-466d-951f-83a8cfa820f2\" href=\"https:\/\/moyzeska.sk\/wp-content\/uploads\/2025\/09\/Postup-pri-VYPISOVANI-prihlasky-na-VS.pdf\">Postup-pri-VYPISOVANI-prihlasky-na-VS<\/a><a href=\"https:\/\/moyzeska.sk\/wp-content\/uploads\/2025\/09\/Postup-pri-VYPISOVANI-prihlasky-na-VS.pdf\" class=\"wp-block-file__button wp-element-button\" download aria-describedby=\"wp-block-file--media-bf5e6218-ff1f-466d-951f-83a8cfa820f2\">Stiahnu\u0165<\/a><\/div>\n\n\n\n<div class=\"wp-block-file\"><a id=\"wp-block-file--media-d6931032-1e32-4ed0-8621-ceac3bbc0f1d\" href=\"https:\/\/moyzeska.sk\/wp-content\/uploads\/2025\/09\/Prihlaska-na-VS-cisty-formular-1.docx\">Prihlaska-na-VS-cisty-formular-1<\/a><a href=\"https:\/\/moyzeska.sk\/wp-content\/uploads\/2025\/09\/Prihlaska-na-VS-cisty-formular-1.docx\" class=\"wp-block-file__button wp-element-button\" download aria-describedby=\"wp-block-file--media-d6931032-1e32-4ed0-8621-ceac3bbc0f1d\">Stiahnu\u0165<\/a><\/div>\n\n\n\n<div class=\"wp-block-file\"><a id=\"wp-block-file--media-c04d0d94-710f-404a-af17-51323da84e85\" href=\"https:\/\/moyzeska.sk\/wp-content\/uploads\/2025\/09\/Prihlaska-na-VS-cez-PortalVS.pdf\">Prihlaska-na-VS-cez-PortalVS<\/a><a href=\"https:\/\/moyzeska.sk\/wp-content\/uploads\/2025\/09\/Prihlaska-na-VS-cez-PortalVS.pdf\" class=\"wp-block-file__button wp-element-button\" download aria-describedby=\"wp-block-file--media-c04d0d94-710f-404a-af17-51323da84e85\">Stiahnu\u0165<\/a><\/div>\n\n\n\n<div class=\"wp-block-file\"><a id=\"wp-block-file--media-c29c81ab-6583-4e47-8ccd-b1dcb704ee57\" href=\"https:\/\/moyzeska.sk\/wp-content\/uploads\/2025\/09\/SCIO-testy-informacie.pdf\">SCIO-testy-informacie<\/a><a href=\"https:\/\/moyzeska.sk\/wp-content\/uploads\/2025\/09\/SCIO-testy-informacie.pdf\" class=\"wp-block-file__button wp-element-button\" download aria-describedby=\"wp-block-file--media-c29c81ab-6583-4e47-8ccd-b1dcb704ee57\">Stiahnu\u0165<\/a><\/div>\n\n\n\n<div class=\"wp-block-file\"><a id=\"wp-block-file--media-de22d000-6a85-4dbd-b6d3-10f9bfc1e0f8\" href=\"https:\/\/moyzeska.sk\/wp-content\/uploads\/2025\/09\/Studujem-doma-Slovensko-ma-odmeni.pdf\">Studujem-doma-Slovensko-ma-odmeni<\/a><a href=\"https:\/\/moyzeska.sk\/wp-content\/uploads\/2025\/09\/Studujem-doma-Slovensko-ma-odmeni.pdf\" class=\"wp-block-file__button wp-element-button\" download aria-describedby=\"wp-block-file--media-de22d000-6a85-4dbd-b6d3-10f9bfc1e0f8\">Stiahnu\u0165<\/a><\/div>\n\n\n\n<div class=\"wp-block-file\"><a id=\"wp-block-file--media-b308adce-98e0-4f6e-b707-ea62427bc447\" href=\"https:\/\/moyzeska.sk\/wp-content\/uploads\/2025\/09\/Vzor-zivotopisu-na-stiahnutie-a-upravu.docx\">Vzor-zivotopisu-na-stiahnutie-a-upravu<\/a><a href=\"https:\/\/moyzeska.sk\/wp-content\/uploads\/2025\/09\/Vzor-zivotopisu-na-stiahnutie-a-upravu.docx\" class=\"wp-block-file__button wp-element-button\" download aria-describedby=\"wp-block-file--media-b308adce-98e0-4f6e-b707-ea62427bc447\">Stiahnu\u0165<\/a><\/div>\n\n\n\n<div class=\"wp-block-file\"><a id=\"wp-block-file--media-17322de9-29d7-4b1d-b3d7-047493971320\" href=\"https:\/\/moyzeska.sk\/wp-content\/uploads\/2025\/09\/Vzor-zivotopisu.pdf\">Vzor-zivotopisu<\/a><a href=\"https:\/\/moyzeska.sk\/wp-content\/uploads\/2025\/09\/Vzor-zivotopisu.pdf\" class=\"wp-block-file__button wp-element-button\" download aria-describedby=\"wp-block-file--media-17322de9-29d7-4b1d-b3d7-047493971320\">Stiahnu\u0165<\/a><\/div>\n\n\n\n<div class=\"wp-block-file\"><a id=\"wp-block-file--media-43149d3b-8d28-486f-a336-34e9beb484e4\" href=\"https:\/\/moyzeska.sk\/wp-content\/uploads\/2025\/09\/Zakladne-udaje-do-prihlasky-na-VS.pdf\">Zakladne-udaje-do-prihlasky-na-VS<\/a><a href=\"https:\/\/moyzeska.sk\/wp-content\/uploads\/2025\/09\/Zakladne-udaje-do-prihlasky-na-VS.pdf\" class=\"wp-block-file__button wp-element-button\" download aria-describedby=\"wp-block-file--media-43149d3b-8d28-486f-a336-34e9beb484e4\">Stiahnu\u0165<\/a><\/div>\n\n\n\n<div class=\"wp-block-file\"><a id=\"wp-block-file--media-35088439-69bf-4e6c-a27b-10cf2ac4636f\" href=\"https:\/\/moyzeska.sk\/wp-content\/uploads\/2025\/09\/Zivotopis-linky-na-inspiraciu.pdf\">Zivotopis-linky-na-inspiraciu<\/a><a href=\"https:\/\/moyzeska.sk\/wp-content\/uploads\/2025\/09\/Zivotopis-linky-na-inspiraciu.pdf\" class=\"wp-block-file__button wp-element-button\" download aria-describedby=\"wp-block-file--media-35088439-69bf-4e6c-a27b-10cf2ac4636f\">Stiahnu\u0165<\/a><\/div>\n\n\n\n<div class=\"wp-block-file\"><a id=\"wp-block-file--media-4e82a5e8-ccb1-4462-88f4-7e6912e24a17\" href=\"https:\/\/moyzeska.sk\/wp-content\/uploads\/2025\/09\/Vzor-prihlasky-na-VS-2026.pdf\">Vzor-prihlasky-na-VS-2026<\/a><a href=\"https:\/\/moyzeska.sk\/wp-content\/uploads\/2025\/09\/Vzor-prihlasky-na-VS-2026.pdf\" class=\"wp-block-file__button wp-element-button\" download aria-describedby=\"wp-block-file--media-4e82a5e8-ccb1-4462-88f4-7e6912e24a17\">Stiahnu\u0165<\/a><\/div>\n\n\n\n<hr class=\"wp-block-separator has-css-opacity\"\/>\n\n\n\n<p><em><strong>\u010casopis pre stredo\u0161kol\u00e1kov &#8211; Kam po strednej<\/strong><\/em><\/p>\n\n\n\n<div class=\"wp-block-file\"><a id=\"wp-block-file--media-7c3c3957-cd8a-4543-b9fc-34d68b27f4f9\" href=\"https:\/\/moyzeska.sk\/wp-content\/uploads\/2025\/02\/KamPoStrednej-01-2025-casopis-ONLINE-1.pdf\">Kam Po Strednej &#8211; 01\/2025<\/a><a href=\"https:\/\/moyzeska.sk\/wp-content\/uploads\/2025\/02\/KamPoStrednej-01-2025-casopis-ONLINE-1.pdf\" class=\"wp-block-file__button wp-element-button\" download aria-describedby=\"wp-block-file--media-7c3c3957-cd8a-4543-b9fc-34d68b27f4f9\">Stiahnu\u0165<\/a><\/div>\n\n\n\n<div class=\"wp-block-file\"><a id=\"wp-block-file--media-20acd1e4-2d16-4cd8-9c68-910cd2cd28bd\" href=\"https:\/\/moyzeska.sk\/wp-content\/uploads\/2025\/02\/KamPoStrednej-09-2024-casopis-ONLINE.pdf\">Kam Po Strednej &#8211; 09\/2024<\/a><a href=\"https:\/\/moyzeska.sk\/wp-content\/uploads\/2025\/02\/KamPoStrednej-09-2024-casopis-ONLINE.pdf\" class=\"wp-block-file__button wp-element-button\" download aria-describedby=\"wp-block-file--media-20acd1e4-2d16-4cd8-9c68-910cd2cd28bd\">Stiahnu\u0165<\/a><\/div>\n\n\n\n<div class=\"wp-block-file\"><a id=\"wp-block-file--media-7e28754e-934a-49ba-bf2a-10d11bb67afb\" href=\"https:\/\/moyzeska.sk\/wp-content\/uploads\/2025\/02\/KamPoStrednej-2024-casopis-ONLINE-1.pdf\">Kam Po Strednej &#8211; 03\/2024<\/a><a href=\"https:\/\/moyzeska.sk\/wp-content\/uploads\/2025\/02\/KamPoStrednej-2024-casopis-ONLINE-1.pdf\" class=\"wp-block-file__button wp-element-button\" download aria-describedby=\"wp-block-file--media-7e28754e-934a-49ba-bf2a-10d11bb67afb\">Stiahnu\u0165<\/a><\/div>\n\n\n\n<div class=\"wp-block-file\"><a id=\"wp-block-file--media-6414c08f-6498-42bd-9866-81c7edba6a2a\" href=\"https:\/\/moyzeska.sk\/wp-content\/uploads\/2025\/02\/KamPoStrednej-01-2024-ONLINE-1.pdf\">Kam Po Strednej &#8211; 01\/2024<\/a><a href=\"https:\/\/moyzeska.sk\/wp-content\/uploads\/2025\/02\/KamPoStrednej-01-2024-ONLINE-1.pdf\" class=\"wp-block-file__button wp-element-button\" download aria-describedby=\"wp-block-file--media-6414c08f-6498-42bd-9866-81c7edba6a2a\">Stiahnu\u0165<\/a><\/div>\n\n\n\n<hr class=\"wp-block-separator has-alpha-channel-opacity\"\/>\n\n\n\n<p>N\u00e1vratka pre absolventov:<\/p>\n\n\n\n<div class=\"wp-block-file\"><a id=\"wp-block-file--media-018c2902-b5ad-417f-843f-a8045d4fccd8\" href=\"https:\/\/moyzeska.sk\/wp-content\/uploads\/2025\/06\/Navratka-pre-absolventov.doc\">N\u00e1vratka pre absolventov.docx<\/a><a href=\"https:\/\/moyzeska.sk\/wp-content\/uploads\/2025\/06\/Navratka-pre-absolventov.doc\" class=\"wp-block-file__button wp-element-button\" download aria-describedby=\"wp-block-file--media-018c2902-b5ad-417f-843f-a8045d4fccd8\">Stiahnu\u0165<\/a><\/div>\n\n\n\n<div class=\"wp-block-file\"><a id=\"wp-block-file--media-ef58a7c8-2c0c-46e8-94a8-29634f8fa6a4\" href=\"https:\/\/moyzeska.sk\/wp-content\/uploads\/2025\/06\/Navratka-pre-absolventov.pdf\">N\u00e1vratka pre absolventov.pdf<\/a><a href=\"https:\/\/moyzeska.sk\/wp-content\/uploads\/2025\/06\/Navratka-pre-absolventov.pdf\" class=\"wp-block-file__button wp-element-button\" download aria-describedby=\"wp-block-file--media-ef58a7c8-2c0c-46e8-94a8-29634f8fa6a4\">Stiahnu\u0165<\/a><\/div>\n\n\n\n<p>Vyplnen\u00fa n\u00e1vratku m\u00f4\u017eete doru\u010di\u0165 nasledovn\u00fdm sp\u00f4sobom: <\/p>\n\n\n\n<p><em>&#8211; elektronickou formou na mailov\u00fa adresu kari\u00e9rov\u00e9ho poradcu: stupakova1@szske.eu<\/em><\/p>\n\n\n\n<p><em>&#8211; po\u0161tou na adresu \u0161koly<\/em><\/p>\n\n\n\n<p><em>&#8211; osobne<\/em><\/p>\n","protected":false},"excerpt":{"rendered":"<p>RNDr. Vikt\u00f3ria Stup\u00e1kov\u00e1, PhD. E-mail Konzulta\u010dn\u00e9 hodiny Miestnos\u0165 stupakova.viktoria@gmail.comstupakova1@szske.eu Utorok: 12:40 &#8211; 14:20Streda: 14:30 &#8211; 15:15(pr\u00edpadne pod\u013ea dohody) Zborov\u0148a &#8222;Kontaktujte ma prioritne prostredn\u00edctvom spr\u00e1vy cez EduPage&#8220; \u010casopis pre stredo\u0161kol\u00e1kov &#8211; Kam po strednej N\u00e1vratka pre absolventov: Vyplnen\u00fa n\u00e1vratku m\u00f4\u017eete doru\u010di\u0165 nasledovn\u00fdm sp\u00f4sobom: &#8211; elektronickou formou na mailov\u00fa adresu kari\u00e9rov\u00e9ho poradcu: stupakova1@szske.eu &#8211; po\u0161tou na adresu &hellip;<br \/><a href=\"https:\/\/moyzeska.sk\/index.php\/karierovy-poradca\/\" class=\"more-link pen_button pen_element_default pen_icon_arrow_double\">Zobrazi\u0165<\/a><\/p>\n","protected":false},"author":1,"featured_media":0,"parent":0,"menu_order":0,"comment_status":"closed","ping_status":"closed","template":"","meta":{"_monsterinsights_skip_tracking":false,"_monsterinsights_sitenote_active":false,"_monsterinsights_sitenote_note":"","_monsterinsights_sitenote_category":0},"yoast_head":"<!-- This site is optimized with the Yoast SEO plugin v21.8.1 - https:\/\/yoast.com\/wordpress\/plugins\/seo\/ -->\n<title>Kari\u00e9rov\u00e1 a v\u00fdchovn\u00e1 poradky\u0148a - Stredn\u00e1 zdravotn\u00edcka \u0161kola, Moyzesova 17, Ko\u0161ice<\/title>\n<meta name=\"robots\" content=\"index, follow, max-snippet:-1, max-image-preview:large, max-video-preview:-1\" \/>\n<link rel=\"canonical\" href=\"https:\/\/moyzeska.sk\/index.php\/karierovy-poradca\/\" \/>\n<meta property=\"og:locale\" content=\"sk_SK\" \/>\n<meta property=\"og:type\" content=\"article\" \/>\n<meta property=\"og:title\" content=\"Kari\u00e9rov\u00e1 a v\u00fdchovn\u00e1 poradky\u0148a - Stredn\u00e1 zdravotn\u00edcka \u0161kola, Moyzesova 17, Ko\u0161ice\" \/>\n<meta property=\"og:description\" content=\"RNDr. Vikt\u00f3ria Stup\u00e1kov\u00e1, PhD. E-mail Konzulta\u010dn\u00e9 hodiny Miestnos\u0165 stupakova.viktoria@gmail.comstupakova1@szske.eu Utorok: 12:40 &#8211; 14:20Streda: 14:30 &#8211; 15:15(pr\u00edpadne pod\u013ea dohody) Zborov\u0148a &#8222;Kontaktujte ma prioritne prostredn\u00edctvom spr\u00e1vy cez EduPage&#8220; \u010casopis pre stredo\u0161kol\u00e1kov &#8211; Kam po strednej N\u00e1vratka pre absolventov: Vyplnen\u00fa n\u00e1vratku m\u00f4\u017eete doru\u010di\u0165 nasledovn\u00fdm sp\u00f4sobom: &#8211; elektronickou formou na mailov\u00fa adresu kari\u00e9rov\u00e9ho poradcu: stupakova1@szske.eu &#8211; po\u0161tou na adresu &hellip;Zobrazi\u0165\" \/>\n<meta property=\"og:url\" content=\"https:\/\/moyzeska.sk\/index.php\/karierovy-poradca\/\" \/>\n<meta property=\"og:site_name\" content=\"Stredn\u00e1 zdravotn\u00edcka \u0161kola, Moyzesova 17, Ko\u0161ice\" \/>\n<meta property=\"article:publisher\" content=\"https:\/\/www.facebook.com\/Moyzeska\" \/>\n<meta property=\"article:modified_time\" content=\"2026-02-10T09:30:53+00:00\" \/>\n<meta name=\"twitter:card\" content=\"summary_large_image\" \/>\n<meta name=\"twitter:label1\" content=\"Predpokladan\u00fd \u010das \u010d\u00edtania\" \/>\n\t<meta name=\"twitter:data1\" content=\"1 min\u00fata\" \/>\n<script type=\"application\/ld+json\" class=\"yoast-schema-graph\">{\"@context\":\"https:\/\/schema.org\",\"@graph\":[{\"@type\":\"WebPage\",\"@id\":\"https:\/\/moyzeska.sk\/index.php\/karierovy-poradca\/\",\"url\":\"https:\/\/moyzeska.sk\/index.php\/karierovy-poradca\/\",\"name\":\"Kari\u00e9rov\u00e1 a v\u00fdchovn\u00e1 poradky\u0148a - Stredn\u00e1 zdravotn\u00edcka \u0161kola, Moyzesova 17, Ko\u0161ice\",\"isPartOf\":{\"@id\":\"https:\/\/moyzeska.sk\/#website\"},\"datePublished\":\"2020-09-29T08:10:41+00:00\",\"dateModified\":\"2026-02-10T09:30:53+00:00\",\"breadcrumb\":{\"@id\":\"https:\/\/moyzeska.sk\/index.php\/karierovy-poradca\/#breadcrumb\"},\"inLanguage\":\"sk-SK\",\"potentialAction\":[{\"@type\":\"ReadAction\",\"target\":[\"https:\/\/moyzeska.sk\/index.php\/karierovy-poradca\/\"]}]},{\"@type\":\"BreadcrumbList\",\"@id\":\"https:\/\/moyzeska.sk\/index.php\/karierovy-poradca\/#breadcrumb\",\"itemListElement\":[{\"@type\":\"ListItem\",\"position\":1,\"name\":\"Home\",\"item\":\"https:\/\/moyzeska.sk\/\"},{\"@type\":\"ListItem\",\"position\":2,\"name\":\"Kari\u00e9rov\u00e1 a v\u00fdchovn\u00e1 poradky\u0148a\"}]},{\"@type\":\"WebSite\",\"@id\":\"https:\/\/moyzeska.sk\/#website\",\"url\":\"https:\/\/moyzeska.sk\/\",\"name\":\"Stredn\u00e1 zdravotn\u00edcka \u0161kola, Moyzesova 17, Ko\u0161ice\",\"description\":\"\",\"publisher\":{\"@id\":\"https:\/\/moyzeska.sk\/#organization\"},\"potentialAction\":[{\"@type\":\"SearchAction\",\"target\":{\"@type\":\"EntryPoint\",\"urlTemplate\":\"https:\/\/moyzeska.sk\/?s={search_term_string}\"},\"query-input\":\"required name=search_term_string\"}],\"inLanguage\":\"sk-SK\"},{\"@type\":\"Organization\",\"@id\":\"https:\/\/moyzeska.sk\/#organization\",\"name\":\"Stredn\u00e1 zdravotn\u00edcka \u0161kola, Moyzesova 17, Ko\u0161ice\",\"url\":\"https:\/\/moyzeska.sk\/\",\"logo\":{\"@type\":\"ImageObject\",\"inLanguage\":\"sk-SK\",\"@id\":\"https:\/\/moyzeska.sk\/#\/schema\/logo\/image\/\",\"url\":\"https:\/\/moyzeska.sk\/wp-content\/uploads\/2020\/09\/SZS-logo.png\",\"contentUrl\":\"https:\/\/moyzeska.sk\/wp-content\/uploads\/2020\/09\/SZS-logo.png\",\"width\":300,\"height\":300,\"caption\":\"Stredn\u00e1 zdravotn\u00edcka \u0161kola, Moyzesova 17, Ko\u0161ice\"},\"image\":{\"@id\":\"https:\/\/moyzeska.sk\/#\/schema\/logo\/image\/\"},\"sameAs\":[\"https:\/\/www.facebook.com\/Moyzeska\",\"https:\/\/www.instagram.com\/moyzeska\/\"]}]}<\/script>\n<!-- \/ Yoast SEO plugin. -->","yoast_head_json":{"title":"Kari\u00e9rov\u00e1 a v\u00fdchovn\u00e1 poradky\u0148a - Stredn\u00e1 zdravotn\u00edcka \u0161kola, Moyzesova 17, Ko\u0161ice","robots":{"index":"index","follow":"follow","max-snippet":"max-snippet:-1","max-image-preview":"max-image-preview:large","max-video-preview":"max-video-preview:-1"},"canonical":"https:\/\/moyzeska.sk\/index.php\/karierovy-poradca\/","og_locale":"sk_SK","og_type":"article","og_title":"Kari\u00e9rov\u00e1 a v\u00fdchovn\u00e1 poradky\u0148a - Stredn\u00e1 zdravotn\u00edcka \u0161kola, Moyzesova 17, Ko\u0161ice","og_description":"RNDr. Vikt\u00f3ria Stup\u00e1kov\u00e1, PhD. E-mail Konzulta\u010dn\u00e9 hodiny Miestnos\u0165 stupakova.viktoria@gmail.comstupakova1@szske.eu Utorok: 12:40 &#8211; 14:20Streda: 14:30 &#8211; 15:15(pr\u00edpadne pod\u013ea dohody) Zborov\u0148a &#8222;Kontaktujte ma prioritne prostredn\u00edctvom spr\u00e1vy cez EduPage&#8220; \u010casopis pre stredo\u0161kol\u00e1kov &#8211; Kam po strednej N\u00e1vratka pre absolventov: Vyplnen\u00fa n\u00e1vratku m\u00f4\u017eete doru\u010di\u0165 nasledovn\u00fdm sp\u00f4sobom: &#8211; elektronickou formou na mailov\u00fa adresu kari\u00e9rov\u00e9ho poradcu: stupakova1@szske.eu &#8211; po\u0161tou na adresu &hellip;Zobrazi\u0165","og_url":"https:\/\/moyzeska.sk\/index.php\/karierovy-poradca\/","og_site_name":"Stredn\u00e1 zdravotn\u00edcka \u0161kola, Moyzesova 17, Ko\u0161ice","article_publisher":"https:\/\/www.facebook.com\/Moyzeska","article_modified_time":"2026-02-10T09:30:53+00:00","twitter_card":"summary_large_image","twitter_misc":{"Predpokladan\u00fd \u010das \u010d\u00edtania":"1 min\u00fata"},"schema":{"@context":"https:\/\/schema.org","@graph":[{"@type":"WebPage","@id":"https:\/\/moyzeska.sk\/index.php\/karierovy-poradca\/","url":"https:\/\/moyzeska.sk\/index.php\/karierovy-poradca\/","name":"Kari\u00e9rov\u00e1 a v\u00fdchovn\u00e1 poradky\u0148a - Stredn\u00e1 zdravotn\u00edcka \u0161kola, Moyzesova 17, Ko\u0161ice","isPartOf":{"@id":"https:\/\/moyzeska.sk\/#website"},"datePublished":"2020-09-29T08:10:41+00:00","dateModified":"2026-02-10T09:30:53+00:00","breadcrumb":{"@id":"https:\/\/moyzeska.sk\/index.php\/karierovy-poradca\/#breadcrumb"},"inLanguage":"sk-SK","potentialAction":[{"@type":"ReadAction","target":["https:\/\/moyzeska.sk\/index.php\/karierovy-poradca\/"]}]},{"@type":"BreadcrumbList","@id":"https:\/\/moyzeska.sk\/index.php\/karierovy-poradca\/#breadcrumb","itemListElement":[{"@type":"ListItem","position":1,"name":"Home","item":"https:\/\/moyzeska.sk\/"},{"@type":"ListItem","position":2,"name":"Kari\u00e9rov\u00e1 a v\u00fdchovn\u00e1 poradky\u0148a"}]},{"@type":"WebSite","@id":"https:\/\/moyzeska.sk\/#website","url":"https:\/\/moyzeska.sk\/","name":"Stredn\u00e1 zdravotn\u00edcka \u0161kola, Moyzesova 17, Ko\u0161ice","description":"","publisher":{"@id":"https:\/\/moyzeska.sk\/#organization"},"potentialAction":[{"@type":"SearchAction","target":{"@type":"EntryPoint","urlTemplate":"https:\/\/moyzeska.sk\/?s={search_term_string}"},"query-input":"required name=search_term_string"}],"inLanguage":"sk-SK"},{"@type":"Organization","@id":"https:\/\/moyzeska.sk\/#organization","name":"Stredn\u00e1 zdravotn\u00edcka \u0161kola, Moyzesova 17, Ko\u0161ice","url":"https:\/\/moyzeska.sk\/","logo":{"@type":"ImageObject","inLanguage":"sk-SK","@id":"https:\/\/moyzeska.sk\/#\/schema\/logo\/image\/","url":"https:\/\/moyzeska.sk\/wp-content\/uploads\/2020\/09\/SZS-logo.png","contentUrl":"https:\/\/moyzeska.sk\/wp-content\/uploads\/2020\/09\/SZS-logo.png","width":300,"height":300,"caption":"Stredn\u00e1 zdravotn\u00edcka \u0161kola, Moyzesova 17, Ko\u0161ice"},"image":{"@id":"https:\/\/moyzeska.sk\/#\/schema\/logo\/image\/"},"sameAs":["https:\/\/www.facebook.com\/Moyzeska","https:\/\/www.instagram.com\/moyzeska\/"]}]}},"_links":{"self":[{"href":"https:\/\/moyzeska.sk\/index.php\/wp-json\/wp\/v2\/pages\/100"}],"collection":[{"href":"https:\/\/moyzeska.sk\/index.php\/wp-json\/wp\/v2\/pages"}],"about":[{"href":"https:\/\/moyzeska.sk\/index.php\/wp-json\/wp\/v2\/types\/page"}],"author":[{"embeddable":true,"href":"https:\/\/moyzeska.sk\/index.php\/wp-json\/wp\/v2\/users\/1"}],"replies":[{"embeddable":true,"href":"https:\/\/moyzeska.sk\/index.php\/wp-json\/wp\/v2\/comments?post=100"}],"version-history":[{"count":6,"href":"https:\/\/moyzeska.sk\/index.php\/wp-json\/wp\/v2\/pages\/100\/revisions"}],"predecessor-version":[{"id":8743,"href":"https:\/\/moyzeska.sk\/index.php\/wp-json\/wp\/v2\/pages\/100\/revisions\/8743"}],"wp:attachment":[{"href":"https:\/\/moyzeska.sk\/index.php\/wp-json\/wp\/v2\/media?parent=100"}],"curies":[{"name":"wp","href":"https:\/\/api.w.org\/{rel}","templated":true}]}}