{"version":"1.0","provider_name":"Stredn\u00e1 zdravotn\u00edcka \u0161kola, Moyzesova 17, Ko\u0161ice","provider_url":"https:\/\/moyzeska.sk","title":"De\u0148 jazykov na Moyzeske - Stredn\u00e1 zdravotn\u00edcka \u0161kola, Moyzesova 17, Ko\u0161ice","type":"rich","width":600,"height":338,"html":"<blockquote class=\"wp-embedded-content\" data-secret=\"mFKBwz9aPI\"><a href=\"https:\/\/moyzeska.sk\/index.php\/2025\/09\/29\/den-jazykov-na-moyzeske\/\">De\u0148 jazykov na Moyzeske<\/a><\/blockquote><iframe sandbox=\"allow-scripts\" security=\"restricted\" src=\"https:\/\/moyzeska.sk\/index.php\/2025\/09\/29\/den-jazykov-na-moyzeske\/embed\/#?secret=mFKBwz9aPI\" width=\"600\" height=\"338\" title=\"&#8220;De\u0148 jazykov na Moyzeske&#8221; &#8212; Stredn\u00e1 zdravotn\u00edcka \u0161kola, Moyzesova 17, Ko\u0161ice\" data-secret=\"mFKBwz9aPI\" frameborder=\"0\" marginwidth=\"0\" marginheight=\"0\" scrolling=\"no\" class=\"wp-embedded-content\"><\/iframe><script type=\"text\/javascript\">\n\/*! This file is auto-generated *\/\n!function(c,d){\"use strict\";var e=!1,o=!1;if(d.querySelector)if(c.addEventListener)e=!0;if(c.wp=c.wp||{},c.wp.receiveEmbedMessage);else if(c.wp.receiveEmbedMessage=function(e){var t=e.data;if(!t);else if(!(t.secret||t.message||t.value));else if(\/[^a-zA-Z0-9]\/.test(t.secret));else{for(var r,s,a,i=d.querySelectorAll('iframe[data-secret=\"'+t.secret+'\"]'),n=d.querySelectorAll('blockquote[data-secret=\"'+t.secret+'\"]'),o=new RegExp(\"^https?:$\",\"i\"),l=0;l<n.length;l++)n[l].style.display=\"none\";for(l=0;l<i.length;l++)if(r=i[l],e.source!==r.contentWindow);else{if(r.removeAttribute(\"style\"),\"height\"===t.message){if(1e3<(s=parseInt(t.value,10)))s=1e3;else if(~~s<200)s=200;r.height=s}if(\"link\"===t.message)if(s=d.createElement(\"a\"),a=d.createElement(\"a\"),s.href=r.getAttribute(\"src\"),a.href=t.value,!o.test(a.protocol));else if(a.host===s.host)if(d.activeElement===r)c.top.location.href=t.value}}},e)c.addEventListener(\"message\",c.wp.receiveEmbedMessage,!1),d.addEventListener(\"DOMContentLoaded\",t,!1),c.addEventListener(\"load\",t,!1);function t(){if(o);else{o=!0;for(var e,t,r,s=-1!==navigator.appVersion.indexOf(\"MSIE 10\"),a=!!navigator.userAgent.match(\/Trident.*rv:11\\.\/),i=d.querySelectorAll(\"iframe.wp-embedded-content\"),n=0;n<i.length;n++){if(!(r=(t=i[n]).getAttribute(\"data-secret\")))r=Math.random().toString(36).substr(2,10),t.src+=\"#?secret=\"+r,t.setAttribute(\"data-secret\",r);if(s||a)(e=t.cloneNode(!0)).removeAttribute(\"security\"),t.parentNode.replaceChild(e,t);t.contentWindow.postMessage({message:\"ready\",secret:r},\"*\")}}}}(window,document);\n<\/script>\n","description":"D\u0148a 26. septembra sme si na na\u0161ej \u0161kole pripomenuli Eur\u00f3psky de\u0148 jazykov, ktor\u00fd vyhl\u00e1sila Rada Eur\u00f3py s cie\u013eom podporova\u0165 jazykov\u00fa a kult\u00farnu rozmanitos\u0165. Tento de\u0148 n\u00e1m pripom\u00edna, \u017ee jazyky s\u00fa bohatstvom, ktor\u00e9 treba pestova\u0165 a chr\u00e1ni\u0165, preto\u017ee otv\u00e1raj\u00fa dvere k poznaniu nov\u00fdch kult\u00far, kraj\u00edn i \u013eud\u00ed. Po\u010das ve\u013ekej prest\u00e1vky sa \u017eiaci zap\u00e1jali do s\u00fa\u0165a\u017en\u00fdch a &hellip;Zobrazi\u0165"}

Stredná zdravotnícka škola, Moyzesova 17, Košice

Deň jazykov na Moyzeske - Stredná zdravotnícka škola, Moyzesova 17, Košice

<blockquote class="wp-embedded-content" data-secret="mFKBwz9aPI"><a href="https://moyzeska.sk/index.php/2025/09/29/den-jazykov-na-moyzeske/">Deň jazykov na Moyzeske</a></blockquote><iframe sandbox="allow-scripts" security="restricted" src="https://moyzeska.sk/index.php/2025/09/29/den-jazykov-na-moyzeske/embed/#?secret=mFKBwz9aPI" width="600" height="338" title="&#8220;Deň jazykov na Moyzeske&#8221; &#8212; Stredná zdravotnícka škola, Moyzesova 17, Košice" data-secret="mFKBwz9aPI" frameborder="0" marginwidth="0" marginheight="0" scrolling="no" class="wp-embedded-content"></iframe><script type="text/javascript">
/*! This file is auto-generated */
!function(c,d){"use strict";var e=!1,o=!1;if(d.querySelector)if(c.addEventListener)e=!0;if(c.wp=c.wp||{},c.wp.receiveEmbedMessage);else if(c.wp.receiveEmbedMessage=function(e){var t=e.data;if(!t);else if(!(t.secret||t.message||t.value));else if(/[^a-zA-Z0-9]/.test(t.secret));else{for(var r,s,a,i=d.querySelectorAll('iframe[data-secret="'+t.secret+'"]'),n=d.querySelectorAll('blockquote[data-secret="'+t.secret+'"]'),o=new RegExp("^https?:$","i"),l=0;l<n.length;l++)n[l].style.display="none";for(l=0;l<i.length;l++)if(r=i[l],e.source!==r.contentWindow);else{if(r.removeAttribute("style"),"height"===t.message){if(1e3<(s=parseInt(t.value,10)))s=1e3;else if(~~s<200)s=200;r.height=s}if("link"===t.message)if(s=d.createElement("a"),a=d.createElement("a"),s.href=r.getAttribute("src"),a.href=t.value,!o.test(a.protocol));else if(a.host===s.host)if(d.activeElement===r)c.top.location.href=t.value}}},e)c.addEventListener("message",c.wp.receiveEmbedMessage,!1),d.addEventListener("DOMContentLoaded",t,!1),c.addEventListener("load",t,!1);function t(){if(o);else{o=!0;for(var e,t,r,s=-1!==navigator.appVersion.indexOf("MSIE 10"),a=!!navigator.userAgent.match(/Trident.*rv:11\./),i=d.querySelectorAll("iframe.wp-embedded-content"),n=0;n<i.length;n++){if(!(r=(t=i[n]).getAttribute("data-secret")))r=Math.random().toString(36).substr(2,10),t.src+="#?secret="+r,t.setAttribute("data-secret",r);if(s||a)(e=t.cloneNode(!0)).removeAttribute("security"),t.parentNode.replaceChild(e,t);t.contentWindow.postMessage({message:"ready",secret:r},"*")}}}}(window,document);
</script>

Dňa 26. septembra sme si na našej škole pripomenuli Európsky deň jazykov, ktorý vyhlásila Rada Európy s cieľom podporovať jazykovú a kultúrnu rozmanitosť. Tento deň nám pripomína, že jazyky sú bohatstvom, ktoré treba pestovať a chrániť, pretože otvárajú dvere k poznaniu nových kultúr, krajín i ľudí. Počas veľkej prestávky sa žiaci zapájali do súťažných a &hellip;Zobraziť
