{"version":"1.0","provider_name":"Stredn\u00e1 zdravotn\u00edcka \u0161kola, Moyzesova 17, Ko\u0161ice","provider_url":"https:\/\/moyzeska.sk","title":"XVI. Region\u00e1lny odborn\u00fd de\u0148 MTP v Ko\u0161iciach - Stredn\u00e1 zdravotn\u00edcka \u0161kola, Moyzesova 17, Ko\u0161ice","type":"rich","width":600,"height":338,"html":"<blockquote class=\"wp-embedded-content\" data-secret=\"aojJrOcJMG\"><a href=\"https:\/\/moyzeska.sk\/index.php\/2025\/04\/14\/xvi-regionalny-odborny-den-mtp-v-kosiciach\/\">XVI. Region\u00e1lny odborn\u00fd de\u0148 MTP v Ko\u0161iciach<\/a><\/blockquote><iframe sandbox=\"allow-scripts\" security=\"restricted\" src=\"https:\/\/moyzeska.sk\/index.php\/2025\/04\/14\/xvi-regionalny-odborny-den-mtp-v-kosiciach\/embed\/#?secret=aojJrOcJMG\" width=\"600\" height=\"338\" title=\"&#8220;XVI. Region\u00e1lny odborn\u00fd de\u0148 MTP v Ko\u0161iciach&#8221; &#8212; Stredn\u00e1 zdravotn\u00edcka \u0161kola, Moyzesova 17, Ko\u0161ice\" data-secret=\"aojJrOcJMG\" frameborder=\"0\" marginwidth=\"0\" marginheight=\"0\" scrolling=\"no\" class=\"wp-embedded-content\"><\/iframe><script type=\"text\/javascript\">\n\/*! This file is auto-generated *\/\n!function(c,d){\"use strict\";var e=!1,o=!1;if(d.querySelector)if(c.addEventListener)e=!0;if(c.wp=c.wp||{},c.wp.receiveEmbedMessage);else if(c.wp.receiveEmbedMessage=function(e){var t=e.data;if(!t);else if(!(t.secret||t.message||t.value));else if(\/[^a-zA-Z0-9]\/.test(t.secret));else{for(var r,s,a,i=d.querySelectorAll('iframe[data-secret=\"'+t.secret+'\"]'),n=d.querySelectorAll('blockquote[data-secret=\"'+t.secret+'\"]'),o=new RegExp(\"^https?:$\",\"i\"),l=0;l<n.length;l++)n[l].style.display=\"none\";for(l=0;l<i.length;l++)if(r=i[l],e.source!==r.contentWindow);else{if(r.removeAttribute(\"style\"),\"height\"===t.message){if(1e3<(s=parseInt(t.value,10)))s=1e3;else if(~~s<200)s=200;r.height=s}if(\"link\"===t.message)if(s=d.createElement(\"a\"),a=d.createElement(\"a\"),s.href=r.getAttribute(\"src\"),a.href=t.value,!o.test(a.protocol));else if(a.host===s.host)if(d.activeElement===r)c.top.location.href=t.value}}},e)c.addEventListener(\"message\",c.wp.receiveEmbedMessage,!1),d.addEventListener(\"DOMContentLoaded\",t,!1),c.addEventListener(\"load\",t,!1);function t(){if(o);else{o=!0;for(var e,t,r,s=-1!==navigator.appVersion.indexOf(\"MSIE 10\"),a=!!navigator.userAgent.match(\/Trident.*rv:11\\.\/),i=d.querySelectorAll(\"iframe.wp-embedded-content\"),n=0;n<i.length;n++){if(!(r=(t=i[n]).getAttribute(\"data-secret\")))r=Math.random().toString(36).substr(2,10),t.src+=\"#?secret=\"+r,t.setAttribute(\"data-secret\",r);if(s||a)(e=t.cloneNode(!0)).removeAttribute(\"security\"),t.parentNode.replaceChild(e,t);t.contentWindow.postMessage({message:\"ready\",secret:r},\"*\")}}}}(window,document);\n<\/script>\n","description":"Region\u00e1lny de\u0148 medic\u00ednsko-technick\u00fdch pracovn\u00edkov je ka\u017edoro\u010dn\u00e9 odborn\u00e9 podujatie, kde sa stret\u00e1vaj\u00fa zdravotn\u00edcki pracovn\u00edci, ktor\u00ed si navz\u00e1jom odovzd\u00e1vaj\u00fa nov\u00e9 a zauj\u00edmav\u00e9 inform\u00e1cie z praxe za \u00fa\u010delom neust\u00e1leho vzdel\u00e1vania sa. Aj na\u0161i \u017eiaci z vybran\u00fdch tried Kristi\u00e1n B\u00e1tor IV.ZL, Zuzana Paralov\u00e1 a J\u00falia Ka\u010denkov\u00e1 III.ZuA, Michaela Chovanov\u00e1 III.FL boli s\u00fa\u010das\u0165ou tak\u00e9hoto d\u0148a. So svojimi predn\u00e1\u0161kami, ktor\u00e9 boli &hellip;Zobrazi\u0165"}

Stredná zdravotnícka škola, Moyzesova 17, Košice

XVI. Regionálny odborný deň MTP v Košiciach - Stredná zdravotnícka škola, Moyzesova 17, Košice

<blockquote class="wp-embedded-content" data-secret="aojJrOcJMG"><a href="https://moyzeska.sk/index.php/2025/04/14/xvi-regionalny-odborny-den-mtp-v-kosiciach/">XVI. Regionálny odborný deň MTP v Košiciach</a></blockquote><iframe sandbox="allow-scripts" security="restricted" src="https://moyzeska.sk/index.php/2025/04/14/xvi-regionalny-odborny-den-mtp-v-kosiciach/embed/#?secret=aojJrOcJMG" width="600" height="338" title="&#8220;XVI. Regionálny odborný deň MTP v Košiciach&#8221; &#8212; Stredná zdravotnícka škola, Moyzesova 17, Košice" data-secret="aojJrOcJMG" frameborder="0" marginwidth="0" marginheight="0" scrolling="no" class="wp-embedded-content"></iframe><script type="text/javascript">
/*! This file is auto-generated */
!function(c,d){"use strict";var e=!1,o=!1;if(d.querySelector)if(c.addEventListener)e=!0;if(c.wp=c.wp||{},c.wp.receiveEmbedMessage);else if(c.wp.receiveEmbedMessage=function(e){var t=e.data;if(!t);else if(!(t.secret||t.message||t.value));else if(/[^a-zA-Z0-9]/.test(t.secret));else{for(var r,s,a,i=d.querySelectorAll('iframe[data-secret="'+t.secret+'"]'),n=d.querySelectorAll('blockquote[data-secret="'+t.secret+'"]'),o=new RegExp("^https?:$","i"),l=0;l<n.length;l++)n[l].style.display="none";for(l=0;l<i.length;l++)if(r=i[l],e.source!==r.contentWindow);else{if(r.removeAttribute("style"),"height"===t.message){if(1e3<(s=parseInt(t.value,10)))s=1e3;else if(~~s<200)s=200;r.height=s}if("link"===t.message)if(s=d.createElement("a"),a=d.createElement("a"),s.href=r.getAttribute("src"),a.href=t.value,!o.test(a.protocol));else if(a.host===s.host)if(d.activeElement===r)c.top.location.href=t.value}}},e)c.addEventListener("message",c.wp.receiveEmbedMessage,!1),d.addEventListener("DOMContentLoaded",t,!1),c.addEventListener("load",t,!1);function t(){if(o);else{o=!0;for(var e,t,r,s=-1!==navigator.appVersion.indexOf("MSIE 10"),a=!!navigator.userAgent.match(/Trident.*rv:11\./),i=d.querySelectorAll("iframe.wp-embedded-content"),n=0;n<i.length;n++){if(!(r=(t=i[n]).getAttribute("data-secret")))r=Math.random().toString(36).substr(2,10),t.src+="#?secret="+r,t.setAttribute("data-secret",r);if(s||a)(e=t.cloneNode(!0)).removeAttribute("security"),t.parentNode.replaceChild(e,t);t.contentWindow.postMessage({message:"ready",secret:r},"*")}}}}(window,document);
</script>

Regionálny deň medicínsko-technických pracovníkov je každoročné odborné podujatie, kde sa stretávajú zdravotnícki pracovníci, ktorí si navzájom odovzdávajú nové a zaujímavé informácie z praxe za účelom neustáleho vzdelávania sa. Aj naši žiaci z vybraných tried Kristián Bátor IV.ZL, Zuzana Paralová a Júlia Kačenková III.ZuA, Michaela Chovanová III.FL boli súčasťou takéhoto dňa. So svojimi prednáškami, ktoré boli &hellip;Zobraziť
